{"entities":{"Q1016882":{"pageid":1016883,"ns":120,"title":"Item:Q1016882","lastrevid":3268456,"modified":"2023-09-21T19:01:20Z","type":"item","id":"Q1016882","labels":{"en":{"language":"en","value":"Katedra Zarz\u0105dzania (Elbl\u0105ska Uczelnia Humanistyczno-Ekonomiczna)"},"pl":{"language":"pl","value":"Katedra Zarz\u0105dzania (Elbl\u0105ska Uczelnia Humanistyczno-Ekonomiczna)"}},"descriptions":{},"aliases":{"en":[{"language":"en","value":"Elbl\u0105ska Uczelnia Humanistyczno-Ekonomiczna."},{"language":"en","value":"Katedra Zarz\u0105dzania Wydzia\u0142u Administracji i Nauk Spo\u0142ecznych Elbl\u0105skiej Uczelni Humanistyczno-Ekonomicznej"}],"pl":[{"language":"pl","value":"Elbl\u0105ska Uczelnia Humanistyczno-Ekonomiczna."},{"language":"pl","value":"Katedra Zarz\u0105dzania Wydzia\u0142u Administracji i Nauk Spo\u0142ecznych Elbl\u0105skiej Uczelni Humanistyczno-Ekonomicznej"}]},"claims":{"P6":[{"mainsnak":{"snaktype":"value","property":"P6","hash":"ff7e1696b58474a1a6153ba1bd8ea0769dd3db02","datavalue":{"value":"Imlerith","type":"string"},"datatype":"string"},"type":"statement","id":"Q1016882$F04C932A-06E8-4973-9C27-047CFC31A8D9","rank":"normal"},{"mainsnak":{"snaktype":"value","property":"P6","hash":"ff7e1696b58474a1a6153ba1bd8ea0769dd3db02","datavalue":{"value":"Imlerith","type":"string"},"datatype":"string"},"type":"statement","id":"Q1016882$0EF81FA3-EEAE-44F2-BC92-13F8A9783488","rank":"normal"}]},"sitelinks":{}}}}

Katedra Zarządzania (Elbląska Uczelnia Humanistyczno-Ekonomiczna)

Elbląska Uczelnia Humanistyczno-Ekonomiczna.

Katedra Zarządzania Wydziału Administracji i Nauk Społecznych Elbląskiej Uczelni Humanistyczno-Ekonomicznej
