{"entities":{"Q1036112":{"pageid":1036113,"ns":120,"title":"Item:Q1036112","lastrevid":3298477,"modified":"2023-09-21T20:21:29Z","type":"item","id":"Q1036112","labels":{"en":{"language":"en","value":"Katedra Prawa Kanonicznego i Wyznaniowego (Uniwersytet Warmi\u0144sko-Mazurski ; Olsztyn)"},"pl":{"language":"pl","value":"Katedra Prawa Kanonicznego i Wyznaniowego (Uniwersytet Warmi\u0144sko-Mazurski ; Olsztyn)"}},"descriptions":{},"aliases":{"en":[{"language":"en","value":"Uniwersytet Warmi\u0144sko-Mazurski w Olsztynie."},{"language":"en","value":"Uniwersytet Warmi\u0144sko-Mazurski (Olsztyn)."},{"language":"en","value":"Katedra Prawa Kanonicznego i Wyznaniowego Wydzia\u0142u Prawa i Administracji. Uniwersytetu Warmi\u0144sko-Mazurskiego"},{"language":"en","value":"Katedra Prawa Kanonicznego i Wyznaniowego Wydzia\u0142u Prawa i Administracji UWM"},{"language":"en","value":"Katedra Prawa Kanonicznego i Wyznaniowego."}],"pl":[{"language":"pl","value":"Uniwersytet Warmi\u0144sko-Mazurski w Olsztynie."},{"language":"pl","value":"Uniwersytet Warmi\u0144sko-Mazurski (Olsztyn)."},{"language":"pl","value":"Katedra Prawa Kanonicznego i Wyznaniowego Wydzia\u0142u Prawa i Administracji. Uniwersytetu Warmi\u0144sko-Mazurskiego"},{"language":"pl","value":"Katedra Prawa Kanonicznego i Wyznaniowego Wydzia\u0142u Prawa i Administracji UWM"},{"language":"pl","value":"Katedra Prawa Kanonicznego i Wyznaniowego."}]},"claims":{"P6":[{"mainsnak":{"snaktype":"value","property":"P6","hash":"51b2270028375db04395f18c8f6f239a0b9bebcf","datavalue":{"value":"Vilgefortz","type":"string"},"datatype":"string"},"type":"statement","id":"Q1036112$7C2DE92A-327A-484A-9EB8-75EC5F691663","rank":"normal"}]},"sitelinks":{}}}}

Katedra Prawa Kanonicznego i Wyznaniowego (Uniwersytet Warmińsko-Mazurski ; Olsztyn)

Uniwersytet Warmińsko-Mazurski w Olsztynie.

Uniwersytet Warmińsko-Mazurski (Olsztyn).

Katedra Prawa Kanonicznego i Wyznaniowego Wydziału Prawa i Administracji. Uniwersytetu Warmińsko-Mazurskiego

Katedra Prawa Kanonicznego i Wyznaniowego Wydziału Prawa i Administracji UWM
