{"entities":{"Q1068226":{"pageid":1068227,"ns":120,"title":"Item:Q1068226","lastrevid":3349095,"modified":"2023-09-21T22:43:05Z","type":"item","id":"Q1068226","labels":{"en":{"language":"en","value":"Katedra Teologii Praktycznej i Prawa Kanonicznego (Uniwersytet Papieski Jana Paw\u0142a II ; Krak\u00f3w)"},"pl":{"language":"pl","value":"Katedra Teologii Praktycznej i Prawa Kanonicznego (Uniwersytet Papieski Jana Paw\u0142a II ; Krak\u00f3w)"}},"descriptions":{},"aliases":{"en":[{"language":"en","value":"Katedra Teologii Praktycznej i Prawa Kanonicznego na Wydziale Teologicznym - Sekcja w Tarnowie Uniwersytetu Papieskiego Jana Paw\u0142a II w Krakowie"},{"language":"en","value":"Uniwersytet Papieski Jana Pawla II (Krak\u00f3w)."}],"pl":[{"language":"pl","value":"Katedra Teologii Praktycznej i Prawa Kanonicznego na Wydziale Teologicznym - Sekcja w Tarnowie Uniwersytetu Papieskiego Jana Paw\u0142a II w Krakowie"},{"language":"pl","value":"Uniwersytet Papieski Jana Pawla II (Krak\u00f3w)."}]},"claims":{"P6":[{"mainsnak":{"snaktype":"value","property":"P6","hash":"c83665b52beabbdb24c7839f4e7b0434e2388299","datavalue":{"value":"Lambert","type":"string"},"datatype":"string"},"type":"statement","id":"Q1068226$10C41FBC-6C22-4B70-8AD9-CA191C140ED4","rank":"normal"}]},"sitelinks":{}}}}

Katedra Teologii Praktycznej i Prawa Kanonicznego (Uniwersytet Papieski Jana Pawła II ; Kraków)

Katedra Teologii Praktycznej i Prawa Kanonicznego na Wydziale Teologicznym - Sekcja w Tarnowie Uniwersytetu Papieskiego Jana Pawła II w Krakowie

Uniwersytet Papieski Jana Pawla II (Kraków).
