{"entities":{"Q1070846":{"pageid":1070847,"ns":120,"title":"Item:Q1070846","lastrevid":3352349,"modified":"2023-09-21T22:52:49Z","type":"item","id":"Q1070846","labels":{"en":{"language":"en","value":"Zak\u0142ad Europejskiego Prawa Prywatnego (Uniwersytet \u0141\u00f3dzki)"},"pl":{"language":"pl","value":"Zak\u0142ad Europejskiego Prawa Prywatnego (Uniwersytet \u0141\u00f3dzki)"}},"descriptions":{},"aliases":{"en":[{"language":"en","value":"Zak\u0142ad Europejskiego Prawa Prywatnego w Katedrze Europejskiego Prawa Gospodarczego Wydzia\u0142u Prawa i Administracji Uniwersytetu \u0141\u00f3dzkiego"},{"language":"en","value":"Uniwersytet \u0141\u00f3dzki."}],"pl":[{"language":"pl","value":"Zak\u0142ad Europejskiego Prawa Prywatnego w Katedrze Europejskiego Prawa Gospodarczego Wydzia\u0142u Prawa i Administracji Uniwersytetu \u0141\u00f3dzkiego"},{"language":"pl","value":"Uniwersytet \u0141\u00f3dzki."}]},"claims":{"P6":[{"mainsnak":{"snaktype":"value","property":"P6","hash":"9b4644539240c91ea118ba76d73167e552a9b52f","datavalue":{"value":"Eskel","type":"string"},"datatype":"string"},"type":"statement","id":"Q1070846$C020E323-E5C9-44CD-B4B3-CD9B7686574C","rank":"normal"}]},"sitelinks":{}}}}

Zakład Europejskiego Prawa Prywatnego (Uniwersytet Łódzki)

Zakład Europejskiego Prawa Prywatnego w Katedrze Europejskiego Prawa Gospodarczego Wydziału Prawa i Administracji Uniwersytetu Łódzkiego

Uniwersytet Łódzki.
