{"entities":{"Q1077543":{"pageid":1077544,"ns":120,"title":"Item:Q1077543","lastrevid":3360250,"modified":"2023-09-21T23:14:55Z","type":"item","id":"Q1077543","labels":{"en":{"language":"en","value":"Pracownicy niepedagogiczni"},"pl":{"language":"pl","value":"Pracownicy niepedagogiczni"}},"descriptions":{},"aliases":{"en":[{"language":"en","value":"Niepedagogiczni pracownicy o\u015bwiaty"},{"language":"en","value":"Pracownicy administracji i obs\u0142ugi (o\u015bwiata)"},{"language":"en","value":"Pracownicy administracji szkolnej"},{"language":"en","value":"Pracownicy niepedagogiczni (o\u015bwiata)"},{"language":"en","value":"Pracownicy niepedagogiczni (szkolnictwo)"},{"language":"en","value":"Pracownicy niepedagogiczni w plac\u00f3wkach o\u015bwiatowych"},{"language":"en","value":"Pracownicy niepedagogiczni w przedszkolach"},{"language":"en","value":"Pracownicy niepedagogiczni w szko\u0142ach"},{"language":"en","value":"Pracownik niepedagogiczny"}],"pl":[{"language":"pl","value":"Niepedagogiczni pracownicy o\u015bwiaty"},{"language":"pl","value":"Pracownicy administracji i obs\u0142ugi (o\u015bwiata)"},{"language":"pl","value":"Pracownicy administracji szkolnej"},{"language":"pl","value":"Pracownicy niepedagogiczni (o\u015bwiata)"},{"language":"pl","value":"Pracownicy niepedagogiczni (szkolnictwo)"},{"language":"pl","value":"Pracownicy niepedagogiczni w plac\u00f3wkach o\u015bwiatowych"},{"language":"pl","value":"Pracownicy niepedagogiczni w przedszkolach"},{"language":"pl","value":"Pracownicy niepedagogiczni w szko\u0142ach"},{"language":"pl","value":"Pracownik niepedagogiczny"}]},"claims":{"P6":[{"mainsnak":{"snaktype":"value","property":"P6","hash":"4dec7c08d4bea70729f8fd2a9aa6a400806bab15","datavalue":{"value":"Geralt of Rivia","type":"string"},"datatype":"string"},"type":"statement","id":"Q1077543$8D2313C5-0A74-42B8-B08E-D593B2F203BD","rank":"normal"}]},"sitelinks":{}}}}

Niepedagogiczni pracownicy oświaty

Pracownicy administracji i obsługi (oświata)

Pracownicy niepedagogiczni (oświata)

Pracownicy niepedagogiczni w placówkach oświatowych

Pracownicy niepedagogiczni w szkołach
