{"entities":{"Q1428058":{"pageid":1428058,"ns":120,"title":"Item:Q1428058","lastrevid":6914801,"modified":"2023-12-18T00:34:57Z","type":"item","id":"Q1428058","labels":{"en":{"language":"en","value":"Oratori\u00e2 o na\u0161em vremeni"},"pl":{"language":"pl","value":"Oratori\u00e2 o na\u0161em vremeni"}},"descriptions":{},"aliases":{},"claims":{"P21":[{"mainsnak":{"snaktype":"value","property":"P21","hash":"14c6fd901c899f0e65746e4e00f3b18bb9b9afbd","datavalue":{"value":"a1000000833589","type":"string"},"datatype":"string"},"type":"statement","id":"Q1428058$B79E4BBB-E214-4DD0-9740-7B539B9F2C7B","rank":"normal"}],"P13":[{"mainsnak":{"snaktype":"value","property":"P13","hash":"cafeeec842363497242ef9b5ef71271ed72a0b21","datavalue":{"value":{"entity-type":"item","numeric-id":19408,"id":"Q19408"},"type":"wikibase-entityid"},"datatype":"wikibase-item"},"type":"statement","id":"Q1428058$C0FB6CA3-476E-49D6-8B1D-59581B8CAF85","rank":"normal"}],"P20":[{"mainsnak":{"snaktype":"value","property":"P20","hash":"c07c7ba535d154b5cbcc3e5b81ca2b17e469c0cc","datavalue":{"value":"http://viaf.org/viaf/7978161030936523920007","type":"string"},"datatype":"string"},"type":"statement","id":"Q1428058$3E7B4752-E2DF-469F-A19F-FB64220F7769","rank":"normal"}],"P9":[{"mainsnak":{"snaktype":"value","property":"P9","hash":"abc53e78119ec7ef7aa55eda1c59ce4f9fa62250","datavalue":{"value":{"entity-type":"item","numeric-id":2010007,"id":"Q2010007"},"type":"wikibase-entityid"},"datatype":"wikibase-item"},"type":"statement","id":"Q1428058$A1D5668F-EBDF-4653-BA43-7015B168A71C","rank":"normal"}],"P6":[{"mainsnak":{"snaktype":"value","property":"P6","hash":"ed3fc95ebf6f8ed3e678802210549f4221b02716","datavalue":{"value":"P22355T15258","type":"string"},"datatype":"string"},"type":"statement","id":"Q1428058$0261512A-3A91-4A89-90EE-B1C2AB20AE4B","rank":"normal"}]},"sitelinks":{}}}}

Oratoriâ o našem vremeni
