{"entities":{"Q1674651":{"pageid":1674642,"ns":120,"title":"Item:Q1674651","lastrevid":4965339,"modified":"2023-11-01T08:22:32Z","type":"item","id":"Q1674651","labels":{"en":{"language":"en","value":"Dekanat Wa\u0142cz (obszar)"},"pl":{"language":"pl","value":"Dekanat Wa\u0142cz (obszar)"}},"descriptions":{},"aliases":{"en":[{"language":"en","value":"Dekanat wa\u0142ecki"},{"language":"en","value":"Wa\u0142cz, dekanat"},{"language":"en","value":"Wa\u0142ecki, dekanat"}],"pl":[{"language":"pl","value":"Dekanat wa\u0142ecki"},{"language":"pl","value":"Wa\u0142cz, dekanat"},{"language":"pl","value":"Wa\u0142ecki, dekanat"}]},"claims":{"P9":[{"mainsnak":{"snaktype":"value","property":"P9","hash":"f510cb024f8f1095425f0134e2f59a9b45c751c5","datavalue":{"value":{"entity-type":"item","numeric-id":2010010,"id":"Q2010010"},"type":"wikibase-entityid"},"datatype":"wikibase-item"},"type":"statement","id":"Q1674651$A3CA2704-083B-4B65-89DB-CEA8A38945E7","rank":"normal"}],"P6":[{"mainsnak":{"snaktype":"value","property":"P6","hash":"755ca844ea0c1f5a7b02e584a41ae5c6782f2edd","datavalue":{"value":"Nimue verch Wledyr ap Gwyn","type":"string"},"datatype":"string"},"type":"statement","id":"Q1674651$D8F46B93-4C1D-4DAA-BCB3-2987E3FC2F70","rank":"normal"}]},"sitelinks":{}}}}

Dekanat Wałcz (obszar)

Dekanat wałecki

Wałcz, dekanat

Wałecki, dekanat
