{"entities":{"Q1699237":{"pageid":1699227,"ns":120,"title":"Item:Q1699237","lastrevid":5935974,"modified":"2023-11-28T23:06:04Z","type":"item","id":"Q1699237","labels":{"en":{"language":"en","value":"Katedra Architektury (Uniwersytet Technologiczno-Przyrodniczy im. Jana i J\u0119drzeja \u015aniadeckich ; Bydgoszcz)"},"pl":{"language":"pl","value":"Katedra Architektury (Uniwersytet Technologiczno-Przyrodniczy im. Jana i J\u0119drzeja \u015aniadeckich ; Bydgoszcz)"}},"descriptions":{},"aliases":{"en":[{"language":"en","value":"Uniwersytet Technologiczno-Przyrodniczy im. Jana i J\u0119drzeja \u015aniadeckich (Bydgoszcz)."},{"language":"en","value":"Uniwersytet Technologiczno-Przyrodniczy im. Jana i J\u0119drzeja \u015aniadeckich w Bydgoszczy."},{"language":"en","value":"Katedra Architektury Uniwersytetu Technologiczno-Przyrodniczego im. Jana i J\u0119drzeja \u015aniadeckich w Bydgoszczy"},{"language":"en","value":"Katedra Architektury Wydzia\u0142u Budownictwa, Architektury i In\u017cynierii \u015arodowiska Uniwersytetu Technologiczno-Przyrodniczego im. Jana i J\u0119drzeja \u015aniadeckich w Bydgoszczy"}],"pl":[{"language":"pl","value":"Uniwersytet Technologiczno-Przyrodniczy im. Jana i J\u0119drzeja \u015aniadeckich (Bydgoszcz)."},{"language":"pl","value":"Uniwersytet Technologiczno-Przyrodniczy im. Jana i J\u0119drzeja \u015aniadeckich w Bydgoszczy."},{"language":"pl","value":"Katedra Architektury Uniwersytetu Technologiczno-Przyrodniczego im. Jana i J\u0119drzeja \u015aniadeckich w Bydgoszczy"},{"language":"pl","value":"Katedra Architektury Wydzia\u0142u Budownictwa, Architektury i In\u017cynierii \u015arodowiska Uniwersytetu Technologiczno-Przyrodniczego im. Jana i J\u0119drzeja \u015aniadeckich w Bydgoszczy"}]},"claims":{"P21":[{"mainsnak":{"snaktype":"value","property":"P21","hash":"79f40b35eae07d4b84a39e7c94a9e9494a03d687","datavalue":{"value":"a0000003594932","type":"string"},"datatype":"string"},"type":"statement","id":"Q1699237$C7E947D0-E3BD-429D-B8DD-FDE8187F584A","rank":"normal"}],"P10":[{"mainsnak":{"snaktype":"value","property":"P10","hash":"dfaf504526cccab31cc623e8f2bb2b5191c498d9","datavalue":{"value":{"entity-type":"item","numeric-id":1033715,"id":"Q1033715"},"type":"wikibase-entityid"},"datatype":"wikibase-item"},"type":"statement","id":"Q1699237$0382E509-8F35-4F50-8655-D6FBEAEA0B3D","rank":"normal"}],"P20":[{"mainsnak":{"snaktype":"value","property":"P20","hash":"e9a3bca7199e00504823c08a90d9f3ebb25f32ac","datavalue":{"value":"http://viaf.org/viaf/319148996084559751452","type":"string"},"datatype":"string"},"type":"statement","id":"Q1699237$1CB8DD4D-C7D5-4DEE-8C18-EE76F043871D","rank":"normal"}],"P9":[{"mainsnak":{"snaktype":"value","property":"P9","hash":"f92278a4f6272b2bffde8cd03b35a04ffc458b7c","datavalue":{"value":{"entity-type":"item","numeric-id":2010009,"id":"Q2010009"},"type":"wikibase-entityid"},"datatype":"wikibase-item"},"type":"statement","id":"Q1699237$AEECAE6E-2202-4B00-A87C-256A3F8EDCA6","rank":"normal"}],"P6":[{"mainsnak":{"snaktype":"value","property":"P6","hash":"545b046c662e5eb24da086b6c16d8a9bd658513b","datavalue":{"value":"P95202T66685","type":"string"},"datatype":"string"},"type":"statement","id":"Q1699237$CCC6164F-D597-487A-A150-92809548D76D","rank":"normal"}]},"sitelinks":{}}}}

Katedra Architektury (Uniwersytet Technologiczno-Przyrodniczy im. Jana i Jędrzeja Śniadeckich ; Bydgoszcz)

Uniwersytet Technologiczno-Przyrodniczy im. Jana i Jędrzeja Śniadeckich (Bydgoszcz).

Uniwersytet Technologiczno-Przyrodniczy im. Jana i Jędrzeja Śniadeckich w Bydgoszczy.

Katedra Architektury Uniwersytetu Technologiczno-Przyrodniczego im. Jana i Jędrzeja Śniadeckich w Bydgoszczy

Katedra Architektury Wydziału Budownictwa, Architektury i Inżynierii Środowiska Uniwersytetu Technologiczno-Przyrodniczego im. Jana i Jędrzeja Śniadeckich w Bydgoszczy
