{"entities":{"Q1766992":{"pageid":1766981,"ns":120,"title":"Item:Q1766992","lastrevid":3284812,"modified":"2023-09-21T19:46:30Z","type":"item","id":"Q1766992","labels":{"en":{"language":"en","value":"Katedra Psychoprofilaktyki Spo\u0142ecznej (Katolicki Uniwersytet Lubelski Jana Paw\u0142a II)"},"pl":{"language":"pl","value":"Katedra Psychoprofilaktyki Spo\u0142ecznej (Katolicki Uniwersytet Lubelski Jana Paw\u0142a II)"}},"descriptions":{},"aliases":{"en":[{"language":"en","value":"Katedra Psychoprofilaktyki Spo\u0142ecznej KUL"},{"language":"en","value":"Katolicki Uniwersytet Lubelski Jana Paw\u0142a II."},{"language":"en","value":"Katedra Psychoprofilaktyki Spo\u0142ecznej."},{"language":"en","value":"Department of Social Psychoprevention (The John Paul II Catholic University of Lublin)"},{"language":"en","value":"John Paul II Catholic University of Lublin."}],"pl":[{"language":"pl","value":"Katedra Psychoprofilaktyki Spo\u0142ecznej KUL"},{"language":"pl","value":"Katolicki Uniwersytet Lubelski Jana Paw\u0142a II."},{"language":"pl","value":"Katedra Psychoprofilaktyki Spo\u0142ecznej."},{"language":"pl","value":"Department of Social Psychoprevention (The John Paul II Catholic University of Lublin)"},{"language":"pl","value":"John Paul II Catholic University of Lublin."}]},"claims":{"P6":[{"mainsnak":{"snaktype":"value","property":"P6","hash":"755ca844ea0c1f5a7b02e584a41ae5c6782f2edd","datavalue":{"value":"Nimue verch Wledyr ap Gwyn","type":"string"},"datatype":"string"},"type":"statement","id":"Q1766992$362A4D4C-405E-4238-BA52-78A5A0D5E906","rank":"normal"}]},"sitelinks":{}}}}

Katedra Psychoprofilaktyki Społecznej (Katolicki Uniwersytet Lubelski Jana Pawła II)

Katedra Psychoprofilaktyki Społecznej KUL

Katolicki Uniwersytet Lubelski Jana Pawła II.

Katedra Psychoprofilaktyki Społecznej.
