{"entities":{"Q288387":{"pageid":288392,"ns":120,"title":"Item:Q288387","lastrevid":6714648,"modified":"2023-12-13T16:48:31Z","type":"item","id":"Q288387","labels":{"en":{"language":"en","value":"Uniwersytet Medyczny w Lublinie."},"pl":{"language":"pl","value":"Uniwersytet Medyczny w Lublinie."}},"descriptions":{},"aliases":{"en":[{"language":"en","value":"Uniwersytet Medyczny w Lublinie."},{"language":"en","value":"Uniwersytet Medyczny (Lublin)."},{"language":"en","value":"Samodzielna Pracownia Rehabilitacji Neurologicznej II Wydzia\u0142u Lekarskiego z Oddzia\u0142em Angloj\u0119zycznym Uniwersytetu Medycznego w Lublinie."},{"language":"en","value":"Samodzielna Pracownia Rehabilitacji Neurologicznej Uniwersytetu Medycznego w Lublinie."},{"language":"en","value":"Pracownia Otoneurologiczna III Katedry Pediatrii Uniwersytetu Medycznego w Lublinie."},{"language":"en","value":"Pracownia Otoneurologiczna Uniwersytetu Medycznego w Lublinie"},{"language":"en","value":"Studenckie Ko\u0142o Naukowe Genetyki Nowotwor\u00f3w Uniwersytetu Medycznego w Lublinie"},{"language":"en","value":"Studenckie Ko\u0142o Naukowe Genetyki Nowotwor\u00f3w"},{"language":"en","value":"SKN Genetyki Nowotwor\u00f3w"},{"language":"en","value":"Studenckie Ko\u0142o Naukowe Genetyki Nowotwor\u00f3w przy Zak\u0142adzie Genetyki Nowotwor\u00f3w z Pracowni\u0105 Cytogenetyczn\u0105 Katedry Genetyki Medycznej"},{"language":"en","value":"Akademicki Ch\u00f3r Uniwersytetu Medycznego w Lublinie."},{"language":"en","value":"Ch\u00f3r Akademicki Uniwersytetu Medycznego w Lublinie."},{"language":"en","value":"Katedra i Klinika Chirurgii Klatki Piersiowej II Wydzia\u0142u Lekarskiego z Oddzia\u0142em Angloj\u0119zycznym Uniwersytetu Medycznego w Lublinie."},{"language":"en","value":"Katedra i Klinika Chirurgii Klatki Piersiowej Uniwersytetu Medycznego w Lublinie."},{"language":"en","value":"Department of Thoracic Surgery Medical University of Lublin."},{"language":"en","value":"Studenckie Ko\u0142o Naukowe Kliniki Chor\u00f3b P\u0142uc i Reumatologii Dzieci\u0119cej II Katedry Pediatrii II Wydzia\u0142u Lekarskiego z Oddzia\u0142em Angloj\u0119zycznym Uniwersytetu Medycznego w Lublinie."},{"language":"en","value":"Studenckie Ko\u0142o Naukowe Kliniki Chor\u00f3b P\u0142uc i Reumatologii Dzieci\u0119cej Uniwersytetu Medycznego w Lublinie."},{"language":"en","value":"Samodzielna Pracownia Zdrowia Psychicznego Wydzia\u0142u Piel\u0119gniarstwa i Nauk o Zdrowiu Uniwersytetu Medycznego w Lublinie."},{"language":"en","value":"Samodzielna Pracownia Zdrowia Psychicznego Uniwersytetu Medycznego w Lublinie."},{"language":"en","value":"Samodzielna Pracownia Ratownictwa Medycznego Wydzia\u0142u Piel\u0119gniarstwa i Nauk o Zdrowiu Uniwersytetu Medycznego w Lublinie."},{"language":"en","value":"Samodzielna Pracownia Ratownictwa Medycznego Uniwersytetu Medycznego w Lublinie."},{"language":"en","value":"Pracownia Ratownictwa Medycznego Uniwersytetu Medycznego w Lublinie."}],"pl":[{"language":"pl","value":"Uniwersytet Medyczny w Lublinie."},{"language":"pl","value":"Uniwersytet Medyczny (Lublin)."},{"language":"pl","value":"Samodzielna Pracownia Rehabilitacji Neurologicznej II Wydzia\u0142u Lekarskiego z Oddzia\u0142em Angloj\u0119zycznym Uniwersytetu Medycznego w Lublinie."},{"language":"pl","value":"Samodzielna Pracownia Rehabilitacji Neurologicznej Uniwersytetu Medycznego w Lublinie."},{"language":"pl","value":"Pracownia Otoneurologiczna III Katedry Pediatrii Uniwersytetu Medycznego w Lublinie."},{"language":"pl","value":"Pracownia Otoneurologiczna Uniwersytetu Medycznego w Lublinie"},{"language":"pl","value":"Studenckie Ko\u0142o Naukowe Genetyki Nowotwor\u00f3w Uniwersytetu Medycznego w Lublinie"},{"language":"pl","value":"Studenckie Ko\u0142o Naukowe Genetyki Nowotwor\u00f3w"},{"language":"pl","value":"SKN Genetyki Nowotwor\u00f3w"},{"language":"pl","value":"Studenckie Ko\u0142o Naukowe Genetyki Nowotwor\u00f3w przy Zak\u0142adzie Genetyki Nowotwor\u00f3w z Pracowni\u0105 Cytogenetyczn\u0105 Katedry Genetyki Medycznej"},{"language":"pl","value":"Akademicki Ch\u00f3r Uniwersytetu Medycznego w Lublinie."},{"language":"pl","value":"Ch\u00f3r Akademicki Uniwersytetu Medycznego w Lublinie."},{"language":"pl","value":"Katedra i Klinika Chirurgii Klatki Piersiowej II Wydzia\u0142u Lekarskiego z Oddzia\u0142em Angloj\u0119zycznym Uniwersytetu Medycznego w Lublinie."},{"language":"pl","value":"Katedra i Klinika Chirurgii Klatki Piersiowej Uniwersytetu Medycznego w Lublinie."},{"language":"pl","value":"Department of Thoracic Surgery Medical University of Lublin."},{"language":"pl","value":"Studenckie Ko\u0142o Naukowe Kliniki Chor\u00f3b P\u0142uc i Reumatologii Dzieci\u0119cej II Katedry Pediatrii II Wydzia\u0142u Lekarskiego z Oddzia\u0142em Angloj\u0119zycznym Uniwersytetu Medycznego w Lublinie."},{"language":"pl","value":"Studenckie Ko\u0142o Naukowe Kliniki Chor\u00f3b P\u0142uc i Reumatologii Dzieci\u0119cej Uniwersytetu Medycznego w Lublinie."},{"language":"pl","value":"Samodzielna Pracownia Zdrowia Psychicznego Wydzia\u0142u Piel\u0119gniarstwa i Nauk o Zdrowiu Uniwersytetu Medycznego w Lublinie."},{"language":"pl","value":"Samodzielna Pracownia Zdrowia Psychicznego Uniwersytetu Medycznego w Lublinie."},{"language":"pl","value":"Samodzielna Pracownia Ratownictwa Medycznego Wydzia\u0142u Piel\u0119gniarstwa i Nauk o Zdrowiu Uniwersytetu Medycznego w Lublinie."},{"language":"pl","value":"Samodzielna Pracownia Ratownictwa Medycznego Uniwersytetu Medycznego w Lublinie."},{"language":"pl","value":"Pracownia Ratownictwa Medycznego Uniwersytetu Medycznego w Lublinie."}]},"claims":{"P21":[{"mainsnak":{"snaktype":"value","property":"P21","hash":"f82c50c464ae9dcde3369597b7d5d5acd86928f7","datavalue":{"value":"a0000002920904","type":"string"},"datatype":"string"},"type":"statement","id":"Q288387$811C0284-3ABE-45E7-9676-EA437A27B321","rank":"normal"}],"P10":[{"mainsnak":{"snaktype":"value","property":"P10","hash":"00194aaaa083465912efdfd837d40fb3e8c9cb0a","datavalue":{"value":{"entity-type":"item","numeric-id":572718,"id":"Q572718"},"type":"wikibase-entityid"},"datatype":"wikibase-item"},"type":"statement","id":"Q288387$8D110966-8ECE-486F-888E-55C1657B30A7","rank":"normal"}],"P20":[{"mainsnak":{"snaktype":"value","property":"P20","hash":"48e7cf6a3d1b4c79844356e89a634aedf56e0f1c","datavalue":{"value":"http://viaf.org/viaf/61156009848449580871","type":"string"},"datatype":"string"},"type":"statement","id":"Q288387$33F83FC8-52F0-41FE-9327-7ADE69FB75D0","rank":"normal"}],"P9":[{"mainsnak":{"snaktype":"value","property":"P9","hash":"f92278a4f6272b2bffde8cd03b35a04ffc458b7c","datavalue":{"value":{"entity-type":"item","numeric-id":2010009,"id":"Q2010009"},"type":"wikibase-entityid"},"datatype":"wikibase-item"},"type":"statement","id":"Q288387$5DDB6EBE-EEAB-4841-BD09-33C04A138C21","rank":"normal"}],"P6":[{"mainsnak":{"snaktype":"value","property":"P6","hash":"9c63252812295140c57e0fe05518179ae66f1619","datavalue":{"value":"P62822T21385","type":"string"},"datatype":"string"},"type":"statement","id":"Q288387$F0378EB6-A43D-4D95-8B6F-6C9CF7FE7B13","rank":"normal"}]},"sitelinks":{}}}}

Samodzielna Pracownia Rehabilitacji Neurologicznej II Wydziału Lekarskiego z Oddziałem Anglojęzycznym Uniwersytetu Medycznego w Lublinie.

Studenckie Koło Naukowe Genetyki Nowotworów Uniwersytetu Medycznego w Lublinie

Studenckie Koło Naukowe Genetyki Nowotworów

SKN Genetyki Nowotworów

Studenckie Koło Naukowe Genetyki Nowotworów przy Zakładzie Genetyki Nowotworów z Pracownią Cytogenetyczną Katedry Genetyki Medycznej

Akademicki Chór Uniwersytetu Medycznego w Lublinie.

Chór Akademicki Uniwersytetu Medycznego w Lublinie.

Katedra i Klinika Chirurgii Klatki Piersiowej II Wydziału Lekarskiego z Oddziałem Anglojęzycznym Uniwersytetu Medycznego w Lublinie.

Studenckie Koło Naukowe Kliniki Chorób Płuc i Reumatologii Dziecięcej II Katedry Pediatrii II Wydziału Lekarskiego z Oddziałem Anglojęzycznym Uniwersytetu Medycznego w Lublinie.

Studenckie Koło Naukowe Kliniki Chorób Płuc i Reumatologii Dziecięcej Uniwersytetu Medycznego w Lublinie.

Samodzielna Pracownia Zdrowia Psychicznego Wydziału Pielęgniarstwa i Nauk o Zdrowiu Uniwersytetu Medycznego w Lublinie.

Samodzielna Pracownia Ratownictwa Medycznego Wydziału Pielęgniarstwa i Nauk o Zdrowiu Uniwersytetu Medycznego w Lublinie.
