{"entities":{"Q401187":{"pageid":401192,"ns":120,"title":"Item:Q401187","lastrevid":6763230,"modified":"2023-12-14T16:30:05Z","type":"item","id":"Q401187","labels":{"en":{"language":"en","value":"Zwi\u0105zek Represjonowanych Politycznie \u017bo\u0142nierzy G\u00f3rnik\u00f3w."},"pl":{"language":"pl","value":"Zwi\u0105zek Represjonowanych Politycznie \u017bo\u0142nierzy G\u00f3rnik\u00f3w."}},"descriptions":{},"aliases":{"en":[{"language":"en","value":"Okr\u0119g Zwi\u0105zku Represjonowanych Politycznie \u017bo\u0142nierzy-G\u00f3rnik\u00f3w w Bielsku-Bia\u0142ej"},{"language":"en","value":"Bielsko-Bia\u0142a (woj. \u015bl\u0105skie)"},{"language":"en","value":"Zwi\u0105zek Represjonowanych Politycznie \u017bo\u0142nierzy-G\u00f3rnik\u00f3w. Zarz\u0105d Okr\u0119gu w Bielsku-Bia\u0142ej."},{"language":"en","value":"Zarz\u0105d Okr\u0119gu Zwi\u0105zku Represjonowanych Politycznie \u017bo\u0142nierzy-G\u00f3rnik\u00f3w w Bielsku-Bia\u0142ej."},{"language":"en","value":"Okr\u0119g Bydgoski Zwi\u0105zku Represjonowanych Politycznie \u017bo\u0142nierzy G\u00f3rnik\u00f3w"},{"language":"en","value":"Okr\u0119g  Zwi\u0105zku Represjonowanych Politycznie \u017bo\u0142nierzy G\u00f3rnik\u00f3w w Bydgoszczy"},{"language":"en","value":"Bydgoszcz (woj. kujawsko-pomorskie)"},{"language":"en","value":"Zwi\u0105zek Represjonowanych Politycznie \u017bo\u0142nierzy G\u00f3rnik\u00f3w Okr\u0119gu Bydgoszcz."}],"pl":[{"language":"pl","value":"Okr\u0119g Zwi\u0105zku Represjonowanych Politycznie \u017bo\u0142nierzy-G\u00f3rnik\u00f3w w Bielsku-Bia\u0142ej"},{"language":"pl","value":"Bielsko-Bia\u0142a (woj. \u015bl\u0105skie)"},{"language":"pl","value":"Zwi\u0105zek Represjonowanych Politycznie \u017bo\u0142nierzy-G\u00f3rnik\u00f3w. Zarz\u0105d Okr\u0119gu w Bielsku-Bia\u0142ej."},{"language":"pl","value":"Zarz\u0105d Okr\u0119gu Zwi\u0105zku Represjonowanych Politycznie \u017bo\u0142nierzy-G\u00f3rnik\u00f3w w Bielsku-Bia\u0142ej."},{"language":"pl","value":"Okr\u0119g Bydgoski Zwi\u0105zku Represjonowanych Politycznie \u017bo\u0142nierzy G\u00f3rnik\u00f3w"},{"language":"pl","value":"Okr\u0119g  Zwi\u0105zku Represjonowanych Politycznie \u017bo\u0142nierzy G\u00f3rnik\u00f3w w Bydgoszczy"},{"language":"pl","value":"Bydgoszcz (woj. kujawsko-pomorskie)"},{"language":"pl","value":"Zwi\u0105zek Represjonowanych Politycznie \u017bo\u0142nierzy G\u00f3rnik\u00f3w Okr\u0119gu Bydgoszcz."}]},"claims":{"P21":[{"mainsnak":{"snaktype":"value","property":"P21","hash":"23e951ea4b15fc6d74f6e676ff4c5dfb8fe134cd","datavalue":{"value":"a0000001993658","type":"string"},"datatype":"string"},"type":"statement","id":"Q401187$4A0F2B51-9193-4954-BF86-608A1D568F33","rank":"normal"}],"P20":[{"mainsnak":{"snaktype":"value","property":"P20","hash":"d804b0e57aad0f8c1bcf4e8c672282686fc18a6c","datavalue":{"value":"https://viaf.org/viaf/135348095","type":"string"},"datatype":"string"},"type":"statement","id":"Q401187$9396C252-50D0-4220-AA06-E85C21BADA50","rank":"normal"}],"P9":[{"mainsnak":{"snaktype":"value","property":"P9","hash":"f92278a4f6272b2bffde8cd03b35a04ffc458b7c","datavalue":{"value":{"entity-type":"item","numeric-id":2010009,"id":"Q2010009"},"type":"wikibase-entityid"},"datatype":"wikibase-item"},"type":"statement","id":"Q401187$72AAE28F-69B5-4BB3-A586-6AB0AB9C4991","rank":"normal"}],"P6":[{"mainsnak":{"snaktype":"value","property":"P6","hash":"fc5f5568f152e6c228917ad6deac5db7642816ea","datavalue":{"value":"P53046T13509","type":"string"},"datatype":"string"},"type":"statement","id":"Q401187$40A3992B-E7CA-40EF-9E48-05F8EF5BD381","rank":"normal"}]},"sitelinks":{}}}}

Związek Represjonowanych Politycznie Żołnierzy Górników.

Okręg Związku Represjonowanych Politycznie Żołnierzy-Górników w Bielsku-Białej

Bielsko-Biała (woj. śląskie)

Związek Represjonowanych Politycznie Żołnierzy-Górników. Zarząd Okręgu w Bielsku-Białej.

Zarząd Okręgu Związku Represjonowanych Politycznie Żołnierzy-Górników w Bielsku-Białej.

Okręg Bydgoski Związku Represjonowanych Politycznie Żołnierzy Górników

Okręg  Związku Represjonowanych Politycznie Żołnierzy Górników w Bydgoszczy

Związek Represjonowanych Politycznie Żołnierzy Górników Okręgu Bydgoszcz.
