{"entities":{"Q426910":{"pageid":426915,"ns":120,"title":"Item:Q426910","lastrevid":5867311,"modified":"2023-11-28T06:52:49Z","type":"item","id":"Q426910","labels":{"en":{"language":"en","value":"Wydzia\u0142 Duszpasterski (Kuria Diecezjalna ; Radom)"},"pl":{"language":"pl","value":"Wydzia\u0142 Duszpasterski (Kuria Diecezjalna ; Radom)"}},"descriptions":{},"aliases":{"en":[{"language":"en","value":"Wydzia\u0142 Duszpasterski Kurii Diecezjalnej (Radom)"},{"language":"en","value":"Wydzia\u0142 Duszpasterski Kurii Diecezjalnej Radomskiej"},{"language":"en","value":"Wydzia\u0142 Duszpasterski Kurii Diecezjalnej w Radomiu"},{"language":"en","value":"Wydzia\u0142 Duszpasterski Kurii Diecezji Radomskiej"},{"language":"en","value":"Ecclesia Catholica."},{"language":"en","value":"Ko\u015bci\u00f3\u0142 Katolicki."},{"language":"en","value":"Kuria Diecezjalna (Radom)."},{"language":"en","value":"Kuria Diecezjalna w Radomiu."}],"pl":[{"language":"pl","value":"Wydzia\u0142 Duszpasterski Kurii Diecezjalnej (Radom)"},{"language":"pl","value":"Wydzia\u0142 Duszpasterski Kurii Diecezjalnej Radomskiej"},{"language":"pl","value":"Wydzia\u0142 Duszpasterski Kurii Diecezjalnej w Radomiu"},{"language":"pl","value":"Wydzia\u0142 Duszpasterski Kurii Diecezji Radomskiej"},{"language":"pl","value":"Ecclesia Catholica."},{"language":"pl","value":"Ko\u015bci\u00f3\u0142 Katolicki."},{"language":"pl","value":"Kuria Diecezjalna (Radom)."},{"language":"pl","value":"Kuria Diecezjalna w Radomiu."}]},"claims":{"P21":[{"mainsnak":{"snaktype":"value","property":"P21","hash":"f96c8c32506eef016d287510e1ba3770d14f7bfa","datavalue":{"value":"a0000003750548","type":"string"},"datatype":"string"},"type":"statement","id":"Q426910$B32A2C51-8214-47E4-9BCF-75C76051F8D3","rank":"normal"}],"P10":[{"mainsnak":{"snaktype":"value","property":"P10","hash":"567e411f7950eb0e070b7694e7410a3afc410e5c","datavalue":{"value":{"entity-type":"item","numeric-id":591712,"id":"Q591712"},"type":"wikibase-entityid"},"datatype":"wikibase-item"},"type":"statement","id":"Q426910$775A704F-2D66-4138-AFD3-381012748539","rank":"normal"}],"P20":[{"mainsnak":{"snaktype":"value","property":"P20","hash":"adddcf9836b3691370d55a858cdc731342dfcb9b","datavalue":{"value":"http://viaf.org/viaf/311252138","type":"string"},"datatype":"string"},"type":"statement","id":"Q426910$E3DDE062-BC16-4045-A0E1-38487888B065","rank":"normal"}],"P9":[{"mainsnak":{"snaktype":"value","property":"P9","hash":"f92278a4f6272b2bffde8cd03b35a04ffc458b7c","datavalue":{"value":{"entity-type":"item","numeric-id":2010009,"id":"Q2010009"},"type":"wikibase-entityid"},"datatype":"wikibase-item"},"type":"statement","id":"Q426910$DBEF49F1-870A-423C-9093-BACF38D3DC01","rank":"normal"}],"P6":[{"mainsnak":{"snaktype":"value","property":"P6","hash":"35e03e88e22abf80efcc6a3584d5e3de2d477aa2","datavalue":{"value":"P48025T93684","type":"string"},"datatype":"string"},"type":"statement","id":"Q426910$1E6CF41A-D855-4F97-A445-C0566E3B6FE4","rank":"normal"}]},"sitelinks":{}}}}

Wydział Duszpasterski (Kuria Diecezjalna ; Radom)

Wydział Duszpasterski Kurii Diecezjalnej (Radom)

Wydział Duszpasterski Kurii Diecezjalnej Radomskiej

Wydział Duszpasterski Kurii Diecezjalnej w Radomiu

Wydział Duszpasterski Kurii Diecezji Radomskiej

Kościół Katolicki.
