{"entities":{"Q461317":{"pageid":461321,"ns":120,"title":"Item:Q461317","lastrevid":6015843,"modified":"2023-11-29T21:21:00Z","type":"item","id":"Q461317","labels":{"en":{"language":"en","value":"Stowarzyszenie Polak\u00f3w Poszkodowanych przez III Rzesz\u0119"},"pl":{"language":"pl","value":"Stowarzyszenie Polak\u00f3w Poszkodowanych przez III Rzesz\u0119"}},"descriptions":{},"aliases":{"en":[{"language":"en","value":"Oddzia\u0142 Terenowy w S\u0142upsku Stowarzyszenia Polak\u00f3w Poszkodowanych przez Trzeci\u0105 Rzesz\u0119"},{"language":"en","value":"S\u0142upsk (woj. pomorskie)"},{"language":"en","value":"Ko\u0142o Miejskie Stowarzyszenia Polak\u00f3w Poszkodowanych przez III Rzesz\u0119 w Wieliczce"},{"language":"en","value":"Ko\u0142o Miejskie w Wieliczce Stowarzyszenia Polak\u00f3w Poszkodowanych przez III Rzesz\u0119"},{"language":"en","value":"SPP w Wieliczce"},{"language":"en","value":"Wieliczka (woj. ma\u0142opolskie)"},{"language":"en","value":"Oddzia\u0142 Wojew\u00f3dzki Stowarzyszenia Polak\u00f3w Poszkodowanych przez III Rzesz\u0119 w Krakowie"},{"language":"en","value":"Oddzia\u0142 Wojew\u00f3dzki w Krakowie Stowarzyszenia Polak\u00f3w Poszkodowanych przez III Rzesz\u0119"},{"language":"en","value":"Stowarzyszenie Polak\u00f3w Poszkodowanych przez III Rzesz\u0119 w Ma\u0142opolsce"},{"language":"en","value":"SPP w Krakowie"},{"language":"en","value":"SPP w Ma\u0142opolsce"},{"language":"en","value":"Krak\u00f3w (woj. ma\u0142opolskie)"},{"language":"en","value":"SPP (\u0141\u00f3d\u017a)"},{"language":"en","value":"Stowarzyszenie Polak\u00f3w Poszkodowanych przez III Rzesz\u0119 Niemieck\u0105"}],"pl":[{"language":"pl","value":"Oddzia\u0142 Terenowy w S\u0142upsku Stowarzyszenia Polak\u00f3w Poszkodowanych przez Trzeci\u0105 Rzesz\u0119"},{"language":"pl","value":"S\u0142upsk (woj. pomorskie)"},{"language":"pl","value":"Ko\u0142o Miejskie Stowarzyszenia Polak\u00f3w Poszkodowanych przez III Rzesz\u0119 w Wieliczce"},{"language":"pl","value":"Ko\u0142o Miejskie w Wieliczce Stowarzyszenia Polak\u00f3w Poszkodowanych przez III Rzesz\u0119"},{"language":"pl","value":"SPP w Wieliczce"},{"language":"pl","value":"Wieliczka (woj. ma\u0142opolskie)"},{"language":"pl","value":"Oddzia\u0142 Wojew\u00f3dzki Stowarzyszenia Polak\u00f3w Poszkodowanych przez III Rzesz\u0119 w Krakowie"},{"language":"pl","value":"Oddzia\u0142 Wojew\u00f3dzki w Krakowie Stowarzyszenia Polak\u00f3w Poszkodowanych przez III Rzesz\u0119"},{"language":"pl","value":"Stowarzyszenie Polak\u00f3w Poszkodowanych przez III Rzesz\u0119 w Ma\u0142opolsce"},{"language":"pl","value":"SPP w Krakowie"},{"language":"pl","value":"SPP w Ma\u0142opolsce"},{"language":"pl","value":"Krak\u00f3w (woj. ma\u0142opolskie)"},{"language":"pl","value":"SPP (\u0141\u00f3d\u017a)"},{"language":"pl","value":"Stowarzyszenie Polak\u00f3w Poszkodowanych przez III Rzesz\u0119 Niemieck\u0105"}]},"claims":{"P21":[{"mainsnak":{"snaktype":"value","property":"P21","hash":"7b8213c01d7e65a5ea05223cd125b5f03fc8393c","datavalue":{"value":"a0000001746961","type":"string"},"datatype":"string"},"type":"statement","id":"Q461317$5C040827-8153-4F1F-A92B-C0B8B8852946","rank":"normal"}],"P10":[{"mainsnak":{"snaktype":"value","property":"P10","hash":"16fddef3421e0803790e191e7fe5380d4470f76a","datavalue":{"value":{"entity-type":"item","numeric-id":368414,"id":"Q368414"},"type":"wikibase-entityid"},"datatype":"wikibase-item"},"type":"statement","id":"Q461317$E8818810-3D01-43DB-8918-6159E8B8A2E1","rank":"normal"},{"mainsnak":{"snaktype":"value","property":"P10","hash":"8bfd985a52866e96402408c44a0cedfd608fd751","datavalue":{"value":{"entity-type":"item","numeric-id":1237839,"id":"Q1237839"},"type":"wikibase-entityid"},"datatype":"wikibase-item"},"type":"statement","id":"Q461317$CDA8687C-DB82-486A-ACBA-6A2D0E36A1CA","rank":"normal"},{"mainsnak":{"snaktype":"value","property":"P10","hash":"ba51a9485fa26e0f8ff05887da7027ba38c34b4b","datavalue":{"value":{"entity-type":"item","numeric-id":1998408,"id":"Q1998408"},"type":"wikibase-entityid"},"datatype":"wikibase-item"},"type":"statement","id":"Q461317$B753BC84-5004-4CFA-BC5C-7EB7C03707DE","rank":"normal"}],"P20":[{"mainsnak":{"snaktype":"value","property":"P20","hash":"57e943b76e46991b214f8611eb4b19747041fed3","datavalue":{"value":"http://viaf.org/viaf/151463774","type":"string"},"datatype":"string"},"type":"statement","id":"Q461317$C6FD87D0-1D31-4174-AB05-AA40FCE64331","rank":"normal"}],"P9":[{"mainsnak":{"snaktype":"value","property":"P9","hash":"f92278a4f6272b2bffde8cd03b35a04ffc458b7c","datavalue":{"value":{"entity-type":"item","numeric-id":2010009,"id":"Q2010009"},"type":"wikibase-entityid"},"datatype":"wikibase-item"},"type":"statement","id":"Q461317$F6299A40-BB18-4F37-BCDA-2DDCD5491888","rank":"normal"}],"P6":[{"mainsnak":{"snaktype":"value","property":"P6","hash":"9394d46d1878de5c6259043b68bea84c785ca55b","datavalue":{"value":"P56608T39426","type":"string"},"datatype":"string"},"type":"statement","id":"Q461317$8DCFF4BF-49A8-4857-8687-4F2F63DA457B","rank":"normal"}]},"sitelinks":{}}}}

Stowarzyszenie Polaków Poszkodowanych przez III Rzeszę

Oddział Terenowy w Słupsku Stowarzyszenia Polaków Poszkodowanych przez Trzecią Rzeszę

Słupsk (woj. pomorskie)

Koło Miejskie Stowarzyszenia Polaków Poszkodowanych przez III Rzeszę w Wieliczce

Koło Miejskie w Wieliczce Stowarzyszenia Polaków Poszkodowanych przez III Rzeszę

Wieliczka (woj. małopolskie)

Oddział Wojewódzki Stowarzyszenia Polaków Poszkodowanych przez III Rzeszę w Krakowie

Oddział Wojewódzki w Krakowie Stowarzyszenia Polaków Poszkodowanych przez III Rzeszę

Stowarzyszenie Polaków Poszkodowanych przez III Rzeszę w Małopolsce

SPP w Małopolsce

Kraków (woj. małopolskie)

SPP (Łódź)

Stowarzyszenie Polaków Poszkodowanych przez III Rzeszę Niemiecką
