{"entities":{"Q5654":{"pageid":5659,"ns":120,"title":"Item:Q5654","lastrevid":6790242,"modified":"2023-12-15T06:04:34Z","type":"item","id":"Q5654","labels":{"en":{"language":"en","value":"Akademia Pedagogiki Specjalnej im. Marii Grzegorzewskiej."},"pl":{"language":"pl","value":"Akademia Pedagogiki Specjalnej im. Marii Grzegorzewskiej."}},"descriptions":{},"aliases":{"en":[{"language":"en","value":"Akademia Pedagogiki Specjalnej im. Marii Grzegorzewskiej."},{"language":"en","value":"Zak\u0142ad Psychologii Og\u00f3lnej."},{"language":"en","value":"Zak\u0142ad Psychologii Og\u00f3lnej Akademii Pedagogiki Specjalnej im. Marii Grzegorzewskiej."},{"language":"en","value":"Zak\u0142ad Tyflopedagogiki Akademii Pedagogiki Specjalnej im. Marii Grzegorzewskiej."},{"language":"en","value":"Zesp\u00f3\u0142 Bada\u0144 nad Socjalizacja i Agresj\u0105 Akademii Pedagogiki Specjalnej im. Marii Grzegorzewskiej w Warszawie."},{"language":"en","value":"Zesp\u00f3\u0142 Bada\u0144 nad Socjalizacja i Agresj\u0105 Instytutu Pedagogiki Stosowanej Akademii Pedagogiki Specjalnej im. Marii Grzegorzewskiej w  Warszawie."},{"language":"en","value":"Zak\u0142ad Surdopedagogiki Akademia Pedagogiki Specjalnej im. Marii Grzegorzewskiej."},{"language":"en","value":"Zak\u0142ad Metodologii i Pedagogiki Tw\u00f3rczo\u015bci Instytutu Pedagogiki Wydzia\u0142u Nauk Pedagogicznych Akademii Pedagogiki Specjalnej im. Marii Grzegorzewskiej."},{"language":"en","value":"Zak\u0142ad Metodologii i Pedagogiki Tw\u00f3rczo\u015bci Akademii Pedagogiki Specjalnej im. Marii Grzegorzewskiej."}],"pl":[{"language":"pl","value":"Akademia Pedagogiki Specjalnej im. Marii Grzegorzewskiej."},{"language":"pl","value":"Zak\u0142ad Psychologii Og\u00f3lnej."},{"language":"pl","value":"Zak\u0142ad Psychologii Og\u00f3lnej Akademii Pedagogiki Specjalnej im. Marii Grzegorzewskiej."},{"language":"pl","value":"Zak\u0142ad Tyflopedagogiki Akademii Pedagogiki Specjalnej im. Marii Grzegorzewskiej."},{"language":"pl","value":"Zesp\u00f3\u0142 Bada\u0144 nad Socjalizacja i Agresj\u0105 Akademii Pedagogiki Specjalnej im. Marii Grzegorzewskiej w Warszawie."},{"language":"pl","value":"Zesp\u00f3\u0142 Bada\u0144 nad Socjalizacja i Agresj\u0105 Instytutu Pedagogiki Stosowanej Akademii Pedagogiki Specjalnej im. Marii Grzegorzewskiej w  Warszawie."},{"language":"pl","value":"Zak\u0142ad Surdopedagogiki Akademia Pedagogiki Specjalnej im. Marii Grzegorzewskiej."},{"language":"pl","value":"Zak\u0142ad Metodologii i Pedagogiki Tw\u00f3rczo\u015bci Instytutu Pedagogiki Wydzia\u0142u Nauk Pedagogicznych Akademii Pedagogiki Specjalnej im. Marii Grzegorzewskiej."},{"language":"pl","value":"Zak\u0142ad Metodologii i Pedagogiki Tw\u00f3rczo\u015bci Akademii Pedagogiki Specjalnej im. Marii Grzegorzewskiej."}]},"claims":{"P21":[{"mainsnak":{"snaktype":"value","property":"P21","hash":"75320603b5a35e4433f184f17084dd4a2a851ba5","datavalue":{"value":"a0000002921282","type":"string"},"datatype":"string"},"type":"statement","id":"Q5654$3AAE6FF9-E228-416B-8A11-4F54F38B4708","rank":"normal"}],"P20":[{"mainsnak":{"snaktype":"value","property":"P20","hash":"773b8c130f74e2878609de616e7a8bd1b58676e9","datavalue":{"value":"http://viaf.org/viaf/58156009941749581185","type":"string"},"datatype":"string"},"type":"statement","id":"Q5654$1F0B38BB-F94D-446E-B342-1D40A8B29FFF","rank":"normal"}],"P9":[{"mainsnak":{"snaktype":"value","property":"P9","hash":"f92278a4f6272b2bffde8cd03b35a04ffc458b7c","datavalue":{"value":{"entity-type":"item","numeric-id":2010009,"id":"Q2010009"},"type":"wikibase-entityid"},"datatype":"wikibase-item"},"type":"statement","id":"Q5654$7C88024D-B575-4A23-8089-EE622A9C33B4","rank":"normal"}],"P6":[{"mainsnak":{"snaktype":"value","property":"P6","hash":"5685e1f458d51a666226e3987fdc9e36180c9a7a","datavalue":{"value":"P23701T38195","type":"string"},"datatype":"string"},"type":"statement","id":"Q5654$D0669952-7A33-49EA-B131-B9DAB8D8144D","rank":"normal"}]},"sitelinks":{}}}}

Zakład Psychologii Ogólnej.

Zakład Psychologii Ogólnej Akademii Pedagogiki Specjalnej im. Marii Grzegorzewskiej.

Zakład Tyflopedagogiki Akademii Pedagogiki Specjalnej im. Marii Grzegorzewskiej.

Zespół Badań nad Socjalizacja i Agresją Akademii Pedagogiki Specjalnej im. Marii Grzegorzewskiej w Warszawie.

Zespół Badań nad Socjalizacja i Agresją Instytutu Pedagogiki Stosowanej Akademii Pedagogiki Specjalnej im. Marii Grzegorzewskiej w  Warszawie.

Zakład Surdopedagogiki Akademia Pedagogiki Specjalnej im. Marii Grzegorzewskiej.

Zakład Metodologii i Pedagogiki Twórczości Instytutu Pedagogiki Wydziału Nauk Pedagogicznych Akademii Pedagogiki Specjalnej im. Marii Grzegorzewskiej.

Zakład Metodologii i Pedagogiki Twórczości Akademii Pedagogiki Specjalnej im. Marii Grzegorzewskiej.
