{"entities":{"Q572718":{"pageid":572721,"ns":120,"title":"Item:Q572718","lastrevid":6791271,"modified":"2023-12-15T06:45:05Z","type":"item","id":"Q572718","labels":{"en":{"language":"en","value":"Akademia Medyczna im. prof. Feliksa Skubiszewskiego w Lublinie."},"pl":{"language":"pl","value":"Akademia Medyczna im. prof. Feliksa Skubiszewskiego w Lublinie."}},"descriptions":{},"aliases":{"en":[{"language":"en","value":"Akademia Medyczna im. prof. Feliksa Skubiszewskiego (Lublin)."},{"language":"en","value":"Wydzia\u0142 Piel\u0119gniarstwa i Nauk o Zdrowiu z Oddzia\u0142em Zaocznym Akademii Medycznej im. prof. Feliksa Skubiszewskiego w Lublinie."},{"language":"en","value":"Akademia Medyczna w Lublinie."},{"language":"en","value":"Akademia Medyczna im. prof. Feliksa Skubiszewskiego w Lublinie."},{"language":"en","value":"Klinika Chor\u00f3b P\u0142uc i Reumatologii AM w Lublinie."},{"language":"en","value":"Klinika Chor\u00f3b P\u0142uc i Reumatologii Dzieci\u0119cej II Katedry Pediatrii Wydzia\u0142u Lekarskiego z Oddzia\u0142em Angloj\u0119zycznym i Oddzia\u0142em Stomatologicznym Akademii Medycznej im. prof. Feliksa Skubiszewskiego w Lublinie."},{"language":"en","value":"Klinika Chor\u00f3b P\u0142uc i Reumatologii Dzieci\u0119cej Akademii Medycznej im. prof. Feliksa Skubiszewskiego w Lublinie."},{"language":"en","value":"Klinika Chor\u00f3b P\u0142uc i Reumatologii Dzieci\u0119cej AM w Lublinie."},{"language":"en","value":"Studenckie Ko\u0142o Naukowe Akademii Medycznej w Lublinie."},{"language":"en","value":"Studenckie Ko\u0142o Naukowe w Akademii Medycznej w Lublinie."},{"language":"en","value":"Studenckie Ko\u0142o Naukowe AM w Lublinie."},{"language":"en","value":"Zak\u0142ad Radiologii Zabiegowej i Neuroradiologii Akademii Medycznej im. prof. Feliksa Skubiszewskiego w Lublinie."},{"language":"en","value":"Studium Doktoranckie Akademii Medycznej im. prof. Feliksa Skubiszewskiego w Lublinie."},{"language":"en","value":"Klilnika Kardiochirurgii II Wydzia\u0142u Lekarskiego z Oddzia\u0142em Angloj\u0119zycznym Akademii Medycznej im. prof. Feliksa Skubiszewskiego w Lublinie."},{"language":"en","value":"Klilnika Kardiochirurgii II Akademii Medycznej im. prof. Feliksa Skubiszewskiego w Lublinie."},{"language":"en","value":"Katedra i Klinika Chor\u00f3b Wewn\u0119trznych, Zawodowych i Nadci\u015bnienia T\u0119tniczego Wydzia\u0142u Lekarskiego z Oddzia\u0142em Angloj\u0119zycznym i Oddzia\u0142em Stomatologicznym Akademii Medycznej im. prof. Feliksa Skubiszewskiego w Lublinie."},{"language":"en","value":"Katedra i Klinika Chor\u00f3b Wewn\u0119trznych, Zawodowych i Nadci\u015bnienia T\u0119tniczego Akademii Medycznej im. prof. Feliksa Skubiszewskiego w Lublinie."},{"language":"en","value":"Zak\u0142ad Propedeutyki Pediatrii Akademii Medycznej im. prof. Feliksa Skubiszewskiego w Lublinie."},{"language":"en","value":"Ko\u0142o Naukowe Akademii Medycznej im. prof. Feliksa Skubiszewskiego w Lublinie."},{"language":"en","value":"Ko\u0142o Naukowe przy Katedrze i Klinice Neurochirurgii i Neurochirurgii Dzieci\u0119cej Akademii Medycznej im. prof. Feliksa Skubiszewskiego w Lublinie."},{"language":"en","value":"Akademia Medyczna (Lublin)."},{"language":"en","value":"Katedra i Klinika Chemii Medycznej Akademii Medycznej w Lublinie."}],"pl":[{"language":"pl","value":"Akademia Medyczna im. prof. Feliksa Skubiszewskiego (Lublin)."},{"language":"pl","value":"Wydzia\u0142 Piel\u0119gniarstwa i Nauk o Zdrowiu z Oddzia\u0142em Zaocznym Akademii Medycznej im. prof. Feliksa Skubiszewskiego w Lublinie."},{"language":"pl","value":"Akademia Medyczna w Lublinie."},{"language":"pl","value":"Akademia Medyczna im. prof. Feliksa Skubiszewskiego w Lublinie."},{"language":"pl","value":"Klinika Chor\u00f3b P\u0142uc i Reumatologii AM w Lublinie."},{"language":"pl","value":"Klinika Chor\u00f3b P\u0142uc i Reumatologii Dzieci\u0119cej II Katedry Pediatrii Wydzia\u0142u Lekarskiego z Oddzia\u0142em Angloj\u0119zycznym i Oddzia\u0142em Stomatologicznym Akademii Medycznej im. prof. Feliksa Skubiszewskiego w Lublinie."},{"language":"pl","value":"Klinika Chor\u00f3b P\u0142uc i Reumatologii Dzieci\u0119cej Akademii Medycznej im. prof. Feliksa Skubiszewskiego w Lublinie."},{"language":"pl","value":"Klinika Chor\u00f3b P\u0142uc i Reumatologii Dzieci\u0119cej AM w Lublinie."},{"language":"pl","value":"Studenckie Ko\u0142o Naukowe Akademii Medycznej w Lublinie."},{"language":"pl","value":"Studenckie Ko\u0142o Naukowe w Akademii Medycznej w Lublinie."},{"language":"pl","value":"Studenckie Ko\u0142o Naukowe AM w Lublinie."},{"language":"pl","value":"Zak\u0142ad Radiologii Zabiegowej i Neuroradiologii Akademii Medycznej im. prof. Feliksa Skubiszewskiego w Lublinie."},{"language":"pl","value":"Studium Doktoranckie Akademii Medycznej im. prof. Feliksa Skubiszewskiego w Lublinie."},{"language":"pl","value":"Klilnika Kardiochirurgii II Wydzia\u0142u Lekarskiego z Oddzia\u0142em Angloj\u0119zycznym Akademii Medycznej im. prof. Feliksa Skubiszewskiego w Lublinie."},{"language":"pl","value":"Klilnika Kardiochirurgii II Akademii Medycznej im. prof. Feliksa Skubiszewskiego w Lublinie."},{"language":"pl","value":"Katedra i Klinika Chor\u00f3b Wewn\u0119trznych, Zawodowych i Nadci\u015bnienia T\u0119tniczego Wydzia\u0142u Lekarskiego z Oddzia\u0142em Angloj\u0119zycznym i Oddzia\u0142em Stomatologicznym Akademii Medycznej im. prof. Feliksa Skubiszewskiego w Lublinie."},{"language":"pl","value":"Katedra i Klinika Chor\u00f3b Wewn\u0119trznych, Zawodowych i Nadci\u015bnienia T\u0119tniczego Akademii Medycznej im. prof. Feliksa Skubiszewskiego w Lublinie."},{"language":"pl","value":"Zak\u0142ad Propedeutyki Pediatrii Akademii Medycznej im. prof. Feliksa Skubiszewskiego w Lublinie."},{"language":"pl","value":"Ko\u0142o Naukowe Akademii Medycznej im. prof. Feliksa Skubiszewskiego w Lublinie."},{"language":"pl","value":"Ko\u0142o Naukowe przy Katedrze i Klinice Neurochirurgii i Neurochirurgii Dzieci\u0119cej Akademii Medycznej im. prof. Feliksa Skubiszewskiego w Lublinie."},{"language":"pl","value":"Akademia Medyczna (Lublin)."},{"language":"pl","value":"Katedra i Klinika Chemii Medycznej Akademii Medycznej w Lublinie."}]},"claims":{"P21":[{"mainsnak":{"snaktype":"value","property":"P21","hash":"95635b8ab1f0754218698f3e56867621f9b06acc","datavalue":{"value":"a0000002938277","type":"string"},"datatype":"string"},"type":"statement","id":"Q572718$8C8479D0-602C-4D70-BBED-FCC6B36B2EB0","rank":"normal"}],"P10":[{"mainsnak":{"snaktype":"value","property":"P10","hash":"c85ddda72aca746cd76507c93b6219f05956121e","datavalue":{"value":{"entity-type":"item","numeric-id":288387,"id":"Q288387"},"type":"wikibase-entityid"},"datatype":"wikibase-item"},"type":"statement","id":"Q572718$54F68AD6-50DF-4257-9CDE-70E1FAB1897F","rank":"normal"},{"mainsnak":{"snaktype":"value","property":"P10","hash":"c85ddda72aca746cd76507c93b6219f05956121e","datavalue":{"value":{"entity-type":"item","numeric-id":288387,"id":"Q288387"},"type":"wikibase-entityid"},"datatype":"wikibase-item"},"type":"statement","id":"Q572718$023AC1CF-8023-4242-B10C-60577B690482","rank":"normal"}],"P20":[{"mainsnak":{"snaktype":"value","property":"P20","hash":"21a8c4ad677a242b76a41ad034218902dcd19945","datavalue":{"value":"https://viaf.org/viaf/311795548","type":"string"},"datatype":"string"},"type":"statement","id":"Q572718$9894C455-E6C5-41B3-BD4F-A7181CDF8877","rank":"normal"}],"P9":[{"mainsnak":{"snaktype":"value","property":"P9","hash":"f92278a4f6272b2bffde8cd03b35a04ffc458b7c","datavalue":{"value":{"entity-type":"item","numeric-id":2010009,"id":"Q2010009"},"type":"wikibase-entityid"},"datatype":"wikibase-item"},"type":"statement","id":"Q572718$9B52842E-B81E-4782-A12B-81F2782CA9C6","rank":"normal"}],"P6":[{"mainsnak":{"snaktype":"value","property":"P6","hash":"96ab2e47816369b14936a4294fc82c12b3db0c64","datavalue":{"value":"P43416T50784","type":"string"},"datatype":"string"},"type":"statement","id":"Q572718$61C889E3-211F-4429-843B-591AB2EF5386","rank":"normal"}]},"sitelinks":{}}}}

Wydział Pielęgniarstwa i Nauk o Zdrowiu z Oddziałem Zaocznym Akademii Medycznej im. prof. Feliksa Skubiszewskiego w Lublinie.

Klinika Chorób Płuc i Reumatologii AM w Lublinie.

Klinika Chorób Płuc i Reumatologii Dziecięcej II Katedry Pediatrii Wydziału Lekarskiego z Oddziałem Anglojęzycznym i Oddziałem Stomatologicznym Akademii Medycznej im. prof. Feliksa Skubiszewskiego w Lublinie.

Klinika Chorób Płuc i Reumatologii Dziecięcej Akademii Medycznej im. prof. Feliksa Skubiszewskiego w Lublinie.

Klinika Chorób Płuc i Reumatologii Dziecięcej AM w Lublinie.

Studenckie Koło Naukowe Akademii Medycznej w Lublinie.

Studenckie Koło Naukowe w Akademii Medycznej w Lublinie.

Studenckie Koło Naukowe AM w Lublinie.

Zakład Radiologii Zabiegowej i Neuroradiologii Akademii Medycznej im. prof. Feliksa Skubiszewskiego w Lublinie.

Klilnika Kardiochirurgii II Wydziału Lekarskiego z Oddziałem Anglojęzycznym Akademii Medycznej im. prof. Feliksa Skubiszewskiego w Lublinie.

Katedra i Klinika Chorób Wewnętrznych, Zawodowych i Nadciśnienia Tętniczego Wydziału Lekarskiego z Oddziałem Anglojęzycznym i Oddziałem Stomatologicznym Akademii Medycznej im. prof. Feliksa Skubiszewskiego w Lublinie.

Katedra i Klinika Chorób Wewnętrznych, Zawodowych i Nadciśnienia Tętniczego Akademii Medycznej im. prof. Feliksa Skubiszewskiego w Lublinie.

Zakład Propedeutyki Pediatrii Akademii Medycznej im. prof. Feliksa Skubiszewskiego w Lublinie.

Koło Naukowe Akademii Medycznej im. prof. Feliksa Skubiszewskiego w Lublinie.

Koło Naukowe przy Katedrze i Klinice Neurochirurgii i Neurochirurgii Dziecięcej Akademii Medycznej im. prof. Feliksa Skubiszewskiego w Lublinie.
