{"entities":{"Q602193":{"pageid":602196,"ns":120,"title":"Item:Q602193","lastrevid":5008984,"modified":"2023-11-01T14:26:48Z","type":"item","id":"Q602193","labels":{"en":{"language":"en","value":"Sekcja Rodowa (Komitet Obchodu 250-lecia Odsieczy Wiednia)"},"pl":{"language":"pl","value":"Sekcja Rodowa (Komitet Obchodu 250-lecia Odsieczy Wiednia)"}},"descriptions":{},"aliases":{"en":[{"language":"en","value":"Komitet Obchodu 250-lecia Odsieczy Wiednia."},{"language":"en","value":"Sekcja Rodowa Komitetu Obchodu 250-lecia Odsieczy Wiednia"},{"language":"en","value":"Komitet Obchodu dwustupi\u0119\u0107dziesi\u0119ciolecia Odsieczy Wiednia."}],"pl":[{"language":"pl","value":"Komitet Obchodu 250-lecia Odsieczy Wiednia."},{"language":"pl","value":"Sekcja Rodowa Komitetu Obchodu 250-lecia Odsieczy Wiednia"},{"language":"pl","value":"Komitet Obchodu dwustupi\u0119\u0107dziesi\u0119ciolecia Odsieczy Wiednia."}]},"claims":{"P9":[{"mainsnak":{"snaktype":"value","property":"P9","hash":"f92278a4f6272b2bffde8cd03b35a04ffc458b7c","datavalue":{"value":{"entity-type":"item","numeric-id":2010009,"id":"Q2010009"},"type":"wikibase-entityid"},"datatype":"wikibase-item"},"type":"statement","id":"Q602193$B6D31AA4-B6A6-4802-89D1-3A18D2E8D7A4","rank":"normal"}],"P6":[{"mainsnak":{"snaktype":"value","property":"P6","hash":"17f4ef7ca4ed3e6963677f081b53b79104f49d2f","datavalue":{"value":"King Henselt","type":"string"},"datatype":"string"},"type":"statement","id":"Q602193$1DC307D5-D25B-47CE-B08C-C5C3FFED2D2C","rank":"normal"}]},"sitelinks":{}}}}

Komitet Obchodu dwustupięćdziesięciolecia Odsieczy Wiednia.
