{"entities":{"Q605966":{"pageid":605969,"ns":120,"title":"Item:Q605966","lastrevid":5013301,"modified":"2023-11-01T15:00:43Z","type":"item","id":"Q605966","labels":{"en":{"language":"en","value":"Dolno\u015bl\u0105ska Okr\u0119gowa Izba Piel\u0119gniarek i Po\u0142o\u017cnych (Wroc\u0142aw)"},"pl":{"language":"pl","value":"Dolno\u015bl\u0105ska Okr\u0119gowa Izba Piel\u0119gniarek i Po\u0142o\u017cnych (Wroc\u0142aw)"}},"descriptions":{},"aliases":{"en":[{"language":"en","value":"Dolno\u015bl\u0105ska Okr\u0119gowa Izba Piel\u0119gniarek i Po\u0142o\u017cnych we Wroc\u0142awiu"},{"language":"en","value":"Okr\u0119gowa Izba Piel\u0119gniarek i Po\u0142o\u017cnych wojew\u00f3dztw wroc\u0142awskiego i legnickiego we Wroc\u0142awiu"}],"pl":[{"language":"pl","value":"Dolno\u015bl\u0105ska Okr\u0119gowa Izba Piel\u0119gniarek i Po\u0142o\u017cnych we Wroc\u0142awiu"},{"language":"pl","value":"Okr\u0119gowa Izba Piel\u0119gniarek i Po\u0142o\u017cnych wojew\u00f3dztw wroc\u0142awskiego i legnickiego we Wroc\u0142awiu"}]},"claims":{"P9":[{"mainsnak":{"snaktype":"value","property":"P9","hash":"f92278a4f6272b2bffde8cd03b35a04ffc458b7c","datavalue":{"value":{"entity-type":"item","numeric-id":2010009,"id":"Q2010009"},"type":"wikibase-entityid"},"datatype":"wikibase-item"},"type":"statement","id":"Q605966$275F030A-82FD-4D47-A19A-144490C11B5A","rank":"normal"}],"P6":[{"mainsnak":{"snaktype":"value","property":"P6","hash":"b384b9cfe23fb900a2b7e8da586d10d9ce30dd36","datavalue":{"value":"Eredin Br\u00e9acc Glas","type":"string"},"datatype":"string"},"type":"statement","id":"Q605966$F26AAF3E-4EC9-4A28-BA74-F92C6661D7E7","rank":"normal"}]},"sitelinks":{}}}}

Dolnośląska Okręgowa Izba Pielęgniarek i Położnych (Wrocław)

Dolnośląska Okręgowa Izba Pielęgniarek i Położnych we Wrocławiu

Okręgowa Izba Pielęgniarek i Położnych województw wrocławskiego i legnickiego we Wrocławiu

Eredin Bréacc Glas
