{"entities":{"Q638084":{"pageid":638086,"ns":120,"title":"Item:Q638084","lastrevid":5910538,"modified":"2023-11-28T15:52:17Z","type":"item","id":"Q638084","labels":{"en":{"language":"en","value":"II Liceum Og\u00f3lnokszta\u0142c\u0105ce im. Kr\u00f3la Jana III Sobieskiego (Krak\u00f3w)"},"pl":{"language":"pl","value":"II Liceum Og\u00f3lnokszta\u0142c\u0105ce im. Kr\u00f3la Jana III Sobieskiego (Krak\u00f3w)"}},"descriptions":{},"aliases":{"en":[{"language":"en","value":"Liceum Og\u00f3lnokszta\u0142c\u0105ce im. Kr\u00f3la Jana III Sobieskiego w Krakowie, 2"},{"language":"en","value":"II Liceum Og\u00f3lnokszta\u0142c\u0105ce im. Kr\u00f3la Jana III Sobieskiego w Krakowie"},{"language":"en","value":"Liceum Og\u00f3lnokszta\u0142c\u0105ce im. Kr\u00f3la Jana III Sobieskiego w Krakowie, II"},{"language":"en","value":"II Liceum Og\u00f3lnokszta\u0142c\u0105ce w Krakowie"},{"language":"en","value":"Liceum Og\u00f3lnokszta\u0142c\u0105ce w Krakowie, II"},{"language":"en","value":"II Liceum Og\u00f3lnokszta\u0142c\u0105ce (Krak\u00f3w)"},{"language":"en","value":"III Pa\u0144stwowe Gimnazjum i Liceum im. Kr\u00f3la Jana III Sobieskiego nr 358 (Krak\u00f3w)"},{"language":"en","value":"III Pa\u0144stwowe Gimnazjum i Liceum im. Kr\u00f3la Jana III Sobieskiego nr 358 w Krakowie"},{"language":"en","value":"Pa\u0144stwowe Gimnazjum i Liceum im. Kr\u00f3la Jana III Sobieskiego nr 358 w Krakowie, III"},{"language":"en","value":"Pa\u0144stwowe Gimnazjum III im. Kr\u00f3la Jana III Sobieskiego w Krakowie"},{"language":"en","value":"Pa\u0144stwowe Gimnazjum III im. Kr\u00f3la J. Sobieskiego w Krakowie"},{"language":"en","value":"Pa\u0144stw. Gimnazjum III im. Kr. J. Sobieskiego w Krakowie"},{"language":"en","value":"Pa\u0144stwowe Gimnazjum III im. Kr\u00f3la Jana III Sobieskiego (Krak\u00f3w)"},{"language":"en","value":"Gimnazjum im. Kr\u00f3la Jana Sobieskiego w Krakowie, III"},{"language":"en","value":"III Gimnazjum im. Kr\u00f3la Jana Sobieskiego w Krakowie"},{"language":"en","value":"III Gimnazjum im. Kr\u00f3la Jana Sobieskiego (Krak\u00f3w)"}],"pl":[{"language":"pl","value":"Liceum Og\u00f3lnokszta\u0142c\u0105ce im. Kr\u00f3la Jana III Sobieskiego w Krakowie, 2"},{"language":"pl","value":"II Liceum Og\u00f3lnokszta\u0142c\u0105ce im. Kr\u00f3la Jana III Sobieskiego w Krakowie"},{"language":"pl","value":"Liceum Og\u00f3lnokszta\u0142c\u0105ce im. Kr\u00f3la Jana III Sobieskiego w Krakowie, II"},{"language":"pl","value":"II Liceum Og\u00f3lnokszta\u0142c\u0105ce w Krakowie"},{"language":"pl","value":"Liceum Og\u00f3lnokszta\u0142c\u0105ce w Krakowie, II"},{"language":"pl","value":"II Liceum Og\u00f3lnokszta\u0142c\u0105ce (Krak\u00f3w)"},{"language":"pl","value":"III Pa\u0144stwowe Gimnazjum i Liceum im. Kr\u00f3la Jana III Sobieskiego nr 358 (Krak\u00f3w)"},{"language":"pl","value":"III Pa\u0144stwowe Gimnazjum i Liceum im. Kr\u00f3la Jana III Sobieskiego nr 358 w Krakowie"},{"language":"pl","value":"Pa\u0144stwowe Gimnazjum i Liceum im. Kr\u00f3la Jana III Sobieskiego nr 358 w Krakowie, III"},{"language":"pl","value":"Pa\u0144stwowe Gimnazjum III im. Kr\u00f3la Jana III Sobieskiego w Krakowie"},{"language":"pl","value":"Pa\u0144stwowe Gimnazjum III im. Kr\u00f3la J. Sobieskiego w Krakowie"},{"language":"pl","value":"Pa\u0144stw. Gimnazjum III im. Kr. J. Sobieskiego w Krakowie"},{"language":"pl","value":"Pa\u0144stwowe Gimnazjum III im. Kr\u00f3la Jana III Sobieskiego (Krak\u00f3w)"},{"language":"pl","value":"Gimnazjum im. Kr\u00f3la Jana Sobieskiego w Krakowie, III"},{"language":"pl","value":"III Gimnazjum im. Kr\u00f3la Jana Sobieskiego w Krakowie"},{"language":"pl","value":"III Gimnazjum im. Kr\u00f3la Jana Sobieskiego (Krak\u00f3w)"}]},"claims":{"P21":[{"mainsnak":{"snaktype":"value","property":"P21","hash":"0e960b572258c8f246949eeeba94deaea0b891aa","datavalue":{"value":"a0000001194450","type":"string"},"datatype":"string"},"type":"statement","id":"Q638084$9ECFA11E-5B66-40A8-BD9A-291B4B67B441","rank":"normal"}],"P10":[{"mainsnak":{"snaktype":"value","property":"P10","hash":"d1367a639dbad7b38e2180e2f512cb719934f6b8","datavalue":{"value":{"entity-type":"item","numeric-id":1520725,"id":"Q1520725"},"type":"wikibase-entityid"},"datatype":"wikibase-item"},"type":"statement","id":"Q638084$0BE34EF1-0943-4CA8-8F3A-07CF8467AA60","rank":"normal"},{"mainsnak":{"snaktype":"value","property":"P10","hash":"02cb76c5a528662b0e86c643a67e843509b640cf","datavalue":{"value":{"entity-type":"item","numeric-id":1520724,"id":"Q1520724"},"type":"wikibase-entityid"},"datatype":"wikibase-item"},"type":"statement","id":"Q638084$B8F9704F-5322-476A-8E13-FD07E373773E","rank":"normal"},{"mainsnak":{"snaktype":"value","property":"P10","hash":"3349b4c3e291f93c8ee0eb1fefdd4773ce61bf93","datavalue":{"value":{"entity-type":"item","numeric-id":1520720,"id":"Q1520720"},"type":"wikibase-entityid"},"datatype":"wikibase-item"},"type":"statement","id":"Q638084$10A2CB08-FB67-47D1-8590-B8E446278E69","rank":"normal"}],"P20":[{"mainsnak":{"snaktype":"value","property":"P20","hash":"cab2c1665a241dd456782c8987357ea79e8f7269","datavalue":{"value":"http://viaf.org/viaf/303603427","type":"string"},"datatype":"string"},"type":"statement","id":"Q638084$6471444E-4203-4EAC-A4D4-C58125DD082E","rank":"normal"}],"P9":[{"mainsnak":{"snaktype":"value","property":"P9","hash":"f92278a4f6272b2bffde8cd03b35a04ffc458b7c","datavalue":{"value":{"entity-type":"item","numeric-id":2010009,"id":"Q2010009"},"type":"wikibase-entityid"},"datatype":"wikibase-item"},"type":"statement","id":"Q638084$224DB009-A43A-4C0B-8E02-89695F6A4FA0","rank":"normal"}],"P6":[{"mainsnak":{"snaktype":"value","property":"P6","hash":"cb634a783594e4c2c65df054a73fce83ee69fdaf","datavalue":{"value":"P34036T74464","type":"string"},"datatype":"string"},"type":"statement","id":"Q638084$DB55C6A6-D725-47B9-9D44-4DEE29A265F6","rank":"normal"}]},"sitelinks":{}}}}

II Liceum Ogólnokształcące im. Króla Jana III Sobieskiego (Kraków)

Liceum Ogólnokształcące im. Króla Jana III Sobieskiego w Krakowie, 2

II Liceum Ogólnokształcące im. Króla Jana III Sobieskiego w Krakowie

Liceum Ogólnokształcące im. Króla Jana III Sobieskiego w Krakowie, II

II Liceum Ogólnokształcące w Krakowie

Liceum Ogólnokształcące w Krakowie, II

II Liceum Ogólnokształcące (Kraków)

III Państwowe Gimnazjum i Liceum im. Króla Jana III Sobieskiego nr 358 (Kraków)

III Państwowe Gimnazjum i Liceum im. Króla Jana III Sobieskiego nr 358 w Krakowie

Państwowe Gimnazjum i Liceum im. Króla Jana III Sobieskiego nr 358 w Krakowie, III

Państwowe Gimnazjum III im. Króla Jana III Sobieskiego w Krakowie

Państwowe Gimnazjum III im. Króla J. Sobieskiego w Krakowie

Państw. Gimnazjum III im. Kr. J. Sobieskiego w Krakowie

Państwowe Gimnazjum III im. Króla Jana III Sobieskiego (Kraków)

Gimnazjum im. Króla Jana Sobieskiego w Krakowie, III

III Gimnazjum im. Króla Jana Sobieskiego w Krakowie

III Gimnazjum im. Króla Jana Sobieskiego (Kraków)
