{"entities":{"Q650380":{"pageid":650382,"ns":120,"title":"Item:Q650380","lastrevid":5935935,"modified":"2023-11-28T23:04:54Z","type":"item","id":"Q650380","labels":{"en":{"language":"en","value":"Katedra Sztuk Wizualnych (Uniwersytet Technologiczno-Przyrodniczy im. Jana i J\u0119drzeja \u015aniadeckich ; Bydgoszcz)"},"pl":{"language":"pl","value":"Katedra Sztuk Wizualnych (Uniwersytet Technologiczno-Przyrodniczy im. Jana i J\u0119drzeja \u015aniadeckich ; Bydgoszcz)"}},"descriptions":{},"aliases":{"en":[{"language":"en","value":"Uniwersytet Technologiczno-Przyrodniczy im. Jana i J\u0119drzeja \u015aniadeckich (Bydgoszcz)."},{"language":"en","value":"Uniwersytet Technologiczno-Przyrodniczy im. Jana i J\u0119drzeja \u015aniadeckich w Bydgoszczy."},{"language":"en","value":"Katedra Sztuk Wizualnych Uniwersytetu Technologiczno-Przyrodniczego im. Jana i J\u0119drzeja \u015aniadeckich w Bydgoszczy"},{"language":"en","value":"Katedra Sztuk Wizualnych Wydzia\u0142u Budownictwa, Architektury i In\u017cynierii \u015arodowiska Uniwersytetu Technologiczno-Przyrodniczego im. Jana i J\u0119drzeja \u015aniadeckich w Bydgoszczy"}],"pl":[{"language":"pl","value":"Uniwersytet Technologiczno-Przyrodniczy im. Jana i J\u0119drzeja \u015aniadeckich (Bydgoszcz)."},{"language":"pl","value":"Uniwersytet Technologiczno-Przyrodniczy im. Jana i J\u0119drzeja \u015aniadeckich w Bydgoszczy."},{"language":"pl","value":"Katedra Sztuk Wizualnych Uniwersytetu Technologiczno-Przyrodniczego im. Jana i J\u0119drzeja \u015aniadeckich w Bydgoszczy"},{"language":"pl","value":"Katedra Sztuk Wizualnych Wydzia\u0142u Budownictwa, Architektury i In\u017cynierii \u015arodowiska Uniwersytetu Technologiczno-Przyrodniczego im. Jana i J\u0119drzeja \u015aniadeckich w Bydgoszczy"}]},"claims":{"P21":[{"mainsnak":{"snaktype":"value","property":"P21","hash":"abc718d80be071f5178c2a808e35e353971146e0","datavalue":{"value":"a0000003594938","type":"string"},"datatype":"string"},"type":"statement","id":"Q650380$51C65D1B-C077-4747-8EE2-52AD905BBC47","rank":"normal"}],"P10":[{"mainsnak":{"snaktype":"value","property":"P10","hash":"dfaf504526cccab31cc623e8f2bb2b5191c498d9","datavalue":{"value":{"entity-type":"item","numeric-id":1033715,"id":"Q1033715"},"type":"wikibase-entityid"},"datatype":"wikibase-item"},"type":"statement","id":"Q650380$3EB18550-331B-4167-A10F-00FF2344FD2C","rank":"normal"}],"P20":[{"mainsnak":{"snaktype":"value","property":"P20","hash":"45583a2ebea6ddad8f2f369fdc1326baaec33429","datavalue":{"value":"http://viaf.org/viaf/296148995868259750322","type":"string"},"datatype":"string"},"type":"statement","id":"Q650380$8B7916D6-3092-4F18-A9C2-9B0CE5DA488C","rank":"normal"}],"P9":[{"mainsnak":{"snaktype":"value","property":"P9","hash":"f92278a4f6272b2bffde8cd03b35a04ffc458b7c","datavalue":{"value":{"entity-type":"item","numeric-id":2010009,"id":"Q2010009"},"type":"wikibase-entityid"},"datatype":"wikibase-item"},"type":"statement","id":"Q650380$D4D729FB-0B85-4553-B374-9744F1AFD6CD","rank":"normal"}],"P6":[{"mainsnak":{"snaktype":"value","property":"P6","hash":"65ff53aeb3bbc35a6ee8c4792de4d27e0f70828c","datavalue":{"value":"P86828T72983","type":"string"},"datatype":"string"},"type":"statement","id":"Q650380$021A824A-1CA1-40EA-8DAD-52012A555E9D","rank":"normal"}]},"sitelinks":{}}}}

Katedra Sztuk Wizualnych (Uniwersytet Technologiczno-Przyrodniczy im. Jana i Jędrzeja Śniadeckich ; Bydgoszcz)

Uniwersytet Technologiczno-Przyrodniczy im. Jana i Jędrzeja Śniadeckich (Bydgoszcz).

Uniwersytet Technologiczno-Przyrodniczy im. Jana i Jędrzeja Śniadeckich w Bydgoszczy.

Katedra Sztuk Wizualnych Uniwersytetu Technologiczno-Przyrodniczego im. Jana i Jędrzeja Śniadeckich w Bydgoszczy

Katedra Sztuk Wizualnych Wydziału Budownictwa, Architektury i Inżynierii Środowiska Uniwersytetu Technologiczno-Przyrodniczego im. Jana i Jędrzeja Śniadeckich w Bydgoszczy
