{"entities":{"Q676621":{"pageid":676623,"ns":120,"title":"Item:Q676621","lastrevid":5966289,"modified":"2023-11-29T06:54:13Z","type":"item","id":"Q676621","labels":{"en":{"language":"en","value":"Miejski O\u015brodek Kultury \"Centrum\" im. Adama Mickiewicza (Zawiercie)"},"pl":{"language":"pl","value":"Miejski O\u015brodek Kultury \"Centrum\" im. Adama Mickiewicza (Zawiercie)"}},"descriptions":{},"aliases":{"en":[{"language":"en","value":"Miejski O\u015brodek Kultury (Zawiercie)"},{"language":"en","value":"Miejski O\u015brodek Kultury w Zawierciu"},{"language":"en","value":"Miejski O\u015brodek Kultury \"Centrum\" (Zawiercie)"},{"language":"en","value":"Miejski O\u015brodek Kultury \"Centrum\" w Zawierciu"},{"language":"en","value":"Miejski O\u015brodek Kultury \"Centrum\" im. Adama Mickiewicza w Zawierciu"}],"pl":[{"language":"pl","value":"Miejski O\u015brodek Kultury (Zawiercie)"},{"language":"pl","value":"Miejski O\u015brodek Kultury w Zawierciu"},{"language":"pl","value":"Miejski O\u015brodek Kultury \"Centrum\" (Zawiercie)"},{"language":"pl","value":"Miejski O\u015brodek Kultury \"Centrum\" w Zawierciu"},{"language":"pl","value":"Miejski O\u015brodek Kultury \"Centrum\" im. Adama Mickiewicza w Zawierciu"}]},"claims":{"P21":[{"mainsnak":{"snaktype":"value","property":"P21","hash":"5daa1a7bcd45df0d05cb859b643398c64ea14340","datavalue":{"value":"a0000002542124","type":"string"},"datatype":"string"},"type":"statement","id":"Q676621$B9DA95B5-5CED-4CC3-8825-75DBCABB1A4F","rank":"normal"}],"P10":[{"mainsnak":{"snaktype":"value","property":"P10","hash":"0168714c9c65bcc69f58b82ba180fee2acaaa7ea","datavalue":{"value":{"entity-type":"item","numeric-id":400934,"id":"Q400934"},"type":"wikibase-entityid"},"datatype":"wikibase-item"},"type":"statement","id":"Q676621$2AD28862-DCC6-4AA8-9E2C-78EAE74936DE","rank":"normal"},{"mainsnak":{"snaktype":"value","property":"P10","hash":"052398b0f8b501da59126bddba67a1571251bc98","datavalue":{"value":{"entity-type":"item","numeric-id":1913992,"id":"Q1913992"},"type":"wikibase-entityid"},"datatype":"wikibase-item"},"type":"statement","id":"Q676621$C5BA44E5-9625-4563-B0A3-9E3D4E09A064","rank":"normal"}],"P20":[{"mainsnak":{"snaktype":"value","property":"P20","hash":"d42236b1d4d2211b44069e672f6bfda242772a12","datavalue":{"value":"http://viaf.org/viaf/165685365","type":"string"},"datatype":"string"},"type":"statement","id":"Q676621$CB1A743D-A5E8-415E-8E88-8196DF786A5A","rank":"normal"}],"P9":[{"mainsnak":{"snaktype":"value","property":"P9","hash":"f92278a4f6272b2bffde8cd03b35a04ffc458b7c","datavalue":{"value":{"entity-type":"item","numeric-id":2010009,"id":"Q2010009"},"type":"wikibase-entityid"},"datatype":"wikibase-item"},"type":"statement","id":"Q676621$2C31F003-59CB-4332-8736-A095233792BE","rank":"normal"}],"P6":[{"mainsnak":{"snaktype":"value","property":"P6","hash":"12ba5f1b98bc56ca9609694849d645757fdd32c0","datavalue":{"value":"P81259T27322","type":"string"},"datatype":"string"},"type":"statement","id":"Q676621$A3BEF84B-BC25-49F5-B9F0-FCB501D814B6","rank":"normal"}]},"sitelinks":{}}}}

Miejski Ośrodek Kultury "Centrum" im. Adama Mickiewicza (Zawiercie)

Miejski Ośrodek Kultury (Zawiercie)

Miejski Ośrodek Kultury w Zawierciu

Miejski Ośrodek Kultury "Centrum" (Zawiercie)

Miejski Ośrodek Kultury "Centrum" w Zawierciu

Miejski Ośrodek Kultury "Centrum" im. Adama Mickiewicza w Zawierciu
