{"entities":{"Q6934":{"pageid":6939,"ns":120,"title":"Item:Q6934","lastrevid":5418712,"modified":"2023-11-24T15:47:21Z","type":"item","id":"Q6934","labels":{"en":{"language":"en","value":"O\u015brodek Kultury Plastycznej \"Wie\u017ca Ci\u015bnie\u0144\" im. Bogdana Jareckiego (Kalisz)"},"pl":{"language":"pl","value":"O\u015brodek Kultury Plastycznej \"Wie\u017ca Ci\u015bnie\u0144\" im. Bogdana Jareckiego (Kalisz)"}},"descriptions":{},"aliases":{"en":[{"language":"en","value":"O\u015brodek Kultury Plastycznej \"Wie\u017ca Ci\u015bnie\u0144\" im. Bogdana Jareckiego w Kaliszu"},{"language":"en","value":"O\u015brodek Kultury Plastycznej \"Wie\u017ca Ci\u015bnie\u0144\" (Kalisz)"},{"language":"en","value":"O\u015brodek Kultury Plastycznej \"Wie\u017ca Ci\u015bnie\u0144\" w Kaliszu"},{"language":"en","value":"Galeria \"Wie\u017ca Ci\u015bnie\u0144\" w Kaliszu"},{"language":"en","value":"\"Wie\u017ca Ci\u015bnie\u0144\", Galeria w Kaliszu"}],"pl":[{"language":"pl","value":"O\u015brodek Kultury Plastycznej \"Wie\u017ca Ci\u015bnie\u0144\" im. Bogdana Jareckiego w Kaliszu"},{"language":"pl","value":"O\u015brodek Kultury Plastycznej \"Wie\u017ca Ci\u015bnie\u0144\" (Kalisz)"},{"language":"pl","value":"O\u015brodek Kultury Plastycznej \"Wie\u017ca Ci\u015bnie\u0144\" w Kaliszu"},{"language":"pl","value":"Galeria \"Wie\u017ca Ci\u015bnie\u0144\" w Kaliszu"},{"language":"pl","value":"\"Wie\u017ca Ci\u015bnie\u0144\", Galeria w Kaliszu"}]},"claims":{"P21":[{"mainsnak":{"snaktype":"value","property":"P21","hash":"6de50a5e0c8ae5d15afd51741392b8b7ede8d30c","datavalue":{"value":"a0000001233000","type":"string"},"datatype":"string"},"type":"statement","id":"Q6934$C84FFE53-0B5D-49BD-9FD3-F7959E2022ED","rank":"normal"}],"P20":[{"mainsnak":{"snaktype":"value","property":"P20","hash":"0b541905123bc64c23868d1991b118d9ac8b0291","datavalue":{"value":"https://viaf.org/viaf/162494355","type":"string"},"datatype":"string"},"type":"statement","id":"Q6934$C70D6007-FBD6-4B76-9836-56747745A7FC","rank":"normal"}],"P9":[{"mainsnak":{"snaktype":"value","property":"P9","hash":"f92278a4f6272b2bffde8cd03b35a04ffc458b7c","datavalue":{"value":{"entity-type":"item","numeric-id":2010009,"id":"Q2010009"},"type":"wikibase-entityid"},"datatype":"wikibase-item"},"type":"statement","id":"Q6934$BC0944F1-BF35-4128-B8AA-C4E4CDAD4919","rank":"normal"}],"P6":[{"mainsnak":{"snaktype":"value","property":"P6","hash":"5a6efc6fe1916fa05068ac3f73899b8dea266f37","datavalue":{"value":"P83989T70347","type":"string"},"datatype":"string"},"type":"statement","id":"Q6934$99F3F6BA-36E6-491A-87B0-305737AE74BB","rank":"normal"}]},"sitelinks":{}}}}

Ośrodek Kultury Plastycznej "Wieża Ciśnień" im. Bogdana Jareckiego (Kalisz)

Ośrodek Kultury Plastycznej "Wieża Ciśnień" im. Bogdana Jareckiego w Kaliszu

Ośrodek Kultury Plastycznej "Wieża Ciśnień" (Kalisz)

Ośrodek Kultury Plastycznej "Wieża Ciśnień" w Kaliszu

Galeria "Wieża Ciśnień" w Kaliszu

"Wieża Ciśnień", Galeria w Kaliszu
