{"entities":{"Q736822":{"pageid":736824,"ns":120,"title":"Item:Q736822","lastrevid":6044661,"modified":"2023-11-30T05:58:48Z","type":"item","id":"Q736822","labels":{"en":{"language":"en","value":"I Katedra Ko\u015bcielnego Prawa Ma\u0142\u017ce\u0144skiego i Rodzinnego (Uniwersytet Kardyna\u0142a Stefana Wyszy\u0144skiego ; Warszawa)"},"pl":{"language":"pl","value":"I Katedra Ko\u015bcielnego Prawa Ma\u0142\u017ce\u0144skiego i Rodzinnego (Uniwersytet Kardyna\u0142a Stefana Wyszy\u0144skiego ; Warszawa)"}},"descriptions":{},"aliases":{"en":[{"language":"en","value":"Uniwersytet Kardyna\u0142a Stefana Wyszy\u0144skiego w Warszawie."},{"language":"en","value":"I Katedra Ko\u015bcielnego Prawa Ma\u0142\u017ce\u0144skiego i Rodzinnego UKSW."},{"language":"en","value":"I Katedra Ko\u015bcielnego Prawa Ma\u0142\u017ce\u0144skiego i Rodzinnego Uniwersytetu Kardyna\u0142a Stefana Wyszy\u0144skiego w Warszawie."}],"pl":[{"language":"pl","value":"Uniwersytet Kardyna\u0142a Stefana Wyszy\u0144skiego w Warszawie."},{"language":"pl","value":"I Katedra Ko\u015bcielnego Prawa Ma\u0142\u017ce\u0144skiego i Rodzinnego UKSW."},{"language":"pl","value":"I Katedra Ko\u015bcielnego Prawa Ma\u0142\u017ce\u0144skiego i Rodzinnego Uniwersytetu Kardyna\u0142a Stefana Wyszy\u0144skiego w Warszawie."}]},"claims":{"P21":[{"mainsnak":{"snaktype":"value","property":"P21","hash":"18bb1dbf7e48b01e26ff673ff50b211af4b687fe","datavalue":{"value":"a0000003018578","type":"string"},"datatype":"string"},"type":"statement","id":"Q736822$09C0007A-0559-4BBA-A08D-837C91991037","rank":"normal"}],"P10":[{"mainsnak":{"snaktype":"value","property":"P10","hash":"6991deb5d8dcd2752a868796be1b388450851c69","datavalue":{"value":{"entity-type":"item","numeric-id":1054715,"id":"Q1054715"},"type":"wikibase-entityid"},"datatype":"wikibase-item"},"type":"statement","id":"Q736822$8A69CF7A-C8D0-4FFB-A4DF-AF88B5FCDED4","rank":"normal"}],"P20":[{"mainsnak":{"snaktype":"value","property":"P20","hash":"45678fcce070854d8db8503588b83b062003d4b1","datavalue":{"value":"https://viaf.org/viaf/311218077","type":"string"},"datatype":"string"},"type":"statement","id":"Q736822$2AC91B2D-508E-435C-85E7-A9184D0080ED","rank":"normal"}],"P9":[{"mainsnak":{"snaktype":"value","property":"P9","hash":"f92278a4f6272b2bffde8cd03b35a04ffc458b7c","datavalue":{"value":{"entity-type":"item","numeric-id":2010009,"id":"Q2010009"},"type":"wikibase-entityid"},"datatype":"wikibase-item"},"type":"statement","id":"Q736822$6C5D152B-801C-44B2-8737-2C5C2F74904C","rank":"normal"}],"P6":[{"mainsnak":{"snaktype":"value","property":"P6","hash":"d1ca1d54f9b9d64a2af3c82d83029507adcc5495","datavalue":{"value":"P33814T22007","type":"string"},"datatype":"string"},"type":"statement","id":"Q736822$07D9F7ED-277F-47A9-A9E9-5CEDA4BA8C4F","rank":"normal"}]},"sitelinks":{}}}}

I Katedra Kościelnego Prawa Małżeńskiego i Rodzinnego (Uniwersytet Kardynała Stefana Wyszyńskiego ; Warszawa)

Uniwersytet Kardynała Stefana Wyszyńskiego w Warszawie.

I Katedra Kościelnego Prawa Małżeńskiego i Rodzinnego UKSW.

I Katedra Kościelnego Prawa Małżeńskiego i Rodzinnego Uniwersytetu Kardynała Stefana Wyszyńskiego w Warszawie.
