{"entities":{"Q7933":{"pageid":7938,"ns":120,"title":"Item:Q7933","lastrevid":6685048,"modified":"2023-12-13T02:20:50Z","type":"item","id":"Q7933","labels":{"en":{"language":"en","value":"Uniwersytet Kardyna\u0142a Stefana Wyszy\u0144skiego w Warszawie."},"pl":{"language":"pl","value":"Uniwersytet Kardyna\u0142a Stefana Wyszy\u0144skiego w Warszawie."}},"descriptions":{},"aliases":{"en":[{"language":"en","value":"Uniwersytet Kardyna\u0142a Stefana Wyszy\u0144skiego w Warszawie."},{"language":"en","value":"Katedra Historii Teologii Moralnej Wydzia\u0142u Teologicznego Uniwersytetu Kardyna\u0142a Stefana Wyszy\u0144skiego w Warszawie."},{"language":"en","value":"Katedra Historii Teologii Moralnej Uniwersytetu Kardyna\u0142a Stefana Wyszy\u0144skiego w Warszawie."},{"language":"en","value":"II Katedra Ko\u015bcielnego Prawa Ma\u0142\u017ce\u0144skiego i Rodzinnego UKSW."},{"language":"en","value":"II Katedra Ko\u015bcielnego Prawa Ma\u0142\u017ce\u0144skiego i Rodzinnego Uniwersytetu Kardyna\u0142a Stefana Wyszy\u0144skiego w Warszawie."},{"language":"en","value":"Katedra Metafizyki UKSW w Warszawie."},{"language":"en","value":"O\u015brodek Studi\u00f3w i Dokumentacji nad Osob\u0105 i Nauczaniem Kardyna\u0142a Stefana Wyszy\u0144skiego Uniwersytetu Kardyna\u0142a Stefana Wyszy\u0144skiego w Warszawie."},{"language":"en","value":"O\u015brodek Studi\u00f3w i Dokumentacji nad Osob\u0105 i Nauczaniem Kardyna\u0142a Stefana Wyszy\u0144skiego Uniwersytetu Kardyna\u0142a Stefana Wyszy\u0144skiego (Warszawa)."},{"language":"en","value":"Uniwersytet Kardyna\u0142a Stefana Wyszy\u0144skiego (Warszawa)."},{"language":"en","value":"O\u015brodek Dokumentacji i Studi\u00f3w nad Osob\u0105 i Nauczaniem Kardyna\u0142a Stefana Wyszy\u0144skiego Uniwersytetu Kardyna\u0142a Stefana Wyszy\u0144skiego w Warszawie."},{"language":"en","value":"UKSW."},{"language":"en","value":"Muzykologia Ko\u015bcielna UKSW."},{"language":"en","value":"Ko\u0142o Naukowe Zielone Wilki UKSW"},{"language":"en","value":"Zielone Wilki"},{"language":"en","value":"Katedra Teologii Systematycznej Ma\u0142\u017ce\u0144stwa i Rodziny Uniwersytetu Kardyna\u0142a Stefana Wyszy\u0144skiego w Warszawie."},{"language":"en","value":"Katedra Teologii Systematycznej Ma\u0142\u017ce\u0144stwa i Rodziny na Wydziale Studi\u00f3w nad Rodzin\u0105 UKSW."},{"language":"en","value":"Katedra Teorii Poznania i Filozofii J\u0119zyka na Wydziale Filozofii Chrze\u015bcija\u0144skiej UKSW."},{"language":"en","value":"Katedra Historii Biblijnej UKSW."},{"language":"en","value":"Zak\u0142ad Literatury Biblijnej w Katedrze Retoryki Literatury Staropolskiej i bada\u0144 nad Bibli\u0105."},{"language":"en","value":"Zak\u0142ad Literatury Biblijnej UKSW."},{"language":"en","value":"Katedra Teologii Wsp\u00f3\u0142czesnej Uniwersytetu Kardyna\u0142a Stefana Wyszy\u0144skiego w Warszawie."},{"language":"en","value":"Katedra Pedagogiki Specjalneji i Integracyjnej Wydzia\u0142u Nauk Pedagogicznych UKSW."},{"language":"en","value":"Katedra Psychologii Rehabilitacji i Rewitalizacji Wydzia\u0142u Filozofii Chrze\u015bcija\u0144skiej Uniwersytetu Kardyna\u0142a Stefana Wyszy\u0144skiego."},{"language":"en","value":"Katedra Historii Misji Wydzia\u0142u Teologicznego UKSW w Warszawie."},{"language":"en","value":"Katedra Historii Misji Uniwersytetu Kardyna\u0142a Stefana Wyszy\u0144skiego w Warszawie."},{"language":"en","value":"Katedra Psychologii Osobowo\u015bci Uniwersytet Kardyna\u0142a Stefana Wyszy\u0144skiego."},{"language":"en","value":"Katedra \u0179r\u00f3de\u0142 i Analiz Muzyki Dawnej UKSW."},{"language":"en","value":"Katedra Fenomenologii Religii UKSW w Warszawie."},{"language":"en","value":"Instytut Wiedzy o Kulturze Uniwersytetu Kardyna\u0142a Stefana Wyszy\u0144skiego w Warszawie."},{"language":"en","value":"Instytut Wiedzy o Kulturze UKSW."},{"language":"en","value":"Sekcja Misjologii Wydzia\u0142u Teologii UKSW"},{"language":"en","value":"Mi\u0119dzyinstytutowy Zak\u0142ad Bada\u0144 nad Migracj\u0105 UKSW."},{"language":"en","value":"MZBM."},{"language":"en","value":"Katedra Filozofii Religii Uniwersytetu Kardyna\u0142a Stefana Wyszy\u0144skiego w Warszawie."},{"language":"en","value":"Katedra Filozofii Religii w Instytucie Dialogu Kultury i Religii na Wydziale Teologicznym Uniwersytetu Kard. Stefana Wyszy\u0144skiego w Warszawie."},{"language":"en","value":"Katedra Przyrodoznawstwa Wydzia\u0142u Filozofii Chrze\u015bcija\u0144skiej UKSW."},{"language":"en","value":"Katedra Filozofii Przyrodoznawstwa Wydzia\u0142u Filozofii Chrze\u015bcija\u0144skiej UKSW."},{"language":"en","value":"Katedra Hagiografii Uniwersytetu Kardyna\u0142a Stefana Wyszy\u0144skiego w Warszawie."},{"language":"en","value":"Katedra Hagiografii UKSW."},{"language":"en","value":"Katedra Literatury Mi\u0119dzytestamentalnej Uniwersytetu Kardyna\u0142a Stefana Wyszy\u0144skiego w Warszawie."},{"language":"en","value":"Katedra Literatury Mi\u0119dzytestamentalnej UKSW."},{"language":"en","value":"Sekcja Teorii Poznania na Wydziale Filozofii Chrze\u015bcija\u0144skiej UKSW."},{"language":"en","value":"Sekcja Teorii Poznania i Filozofii J\u0119zyka."}],"pl":[{"language":"pl","value":"Uniwersytet Kardyna\u0142a Stefana Wyszy\u0144skiego w Warszawie."},{"language":"pl","value":"Katedra Historii Teologii Moralnej Wydzia\u0142u Teologicznego Uniwersytetu Kardyna\u0142a Stefana Wyszy\u0144skiego w Warszawie."},{"language":"pl","value":"Katedra Historii Teologii Moralnej Uniwersytetu Kardyna\u0142a Stefana Wyszy\u0144skiego w Warszawie."},{"language":"pl","value":"II Katedra Ko\u015bcielnego Prawa Ma\u0142\u017ce\u0144skiego i Rodzinnego UKSW."},{"language":"pl","value":"II Katedra Ko\u015bcielnego Prawa Ma\u0142\u017ce\u0144skiego i Rodzinnego Uniwersytetu Kardyna\u0142a Stefana Wyszy\u0144skiego w Warszawie."},{"language":"pl","value":"Katedra Metafizyki UKSW w Warszawie."},{"language":"pl","value":"O\u015brodek Studi\u00f3w i Dokumentacji nad Osob\u0105 i Nauczaniem Kardyna\u0142a Stefana Wyszy\u0144skiego Uniwersytetu Kardyna\u0142a Stefana Wyszy\u0144skiego w Warszawie."},{"language":"pl","value":"O\u015brodek Studi\u00f3w i Dokumentacji nad Osob\u0105 i Nauczaniem Kardyna\u0142a Stefana Wyszy\u0144skiego Uniwersytetu Kardyna\u0142a Stefana Wyszy\u0144skiego (Warszawa)."},{"language":"pl","value":"Uniwersytet Kardyna\u0142a Stefana Wyszy\u0144skiego (Warszawa)."},{"language":"pl","value":"O\u015brodek Dokumentacji i Studi\u00f3w nad Osob\u0105 i Nauczaniem Kardyna\u0142a Stefana Wyszy\u0144skiego Uniwersytetu Kardyna\u0142a Stefana Wyszy\u0144skiego w Warszawie."},{"language":"pl","value":"UKSW."},{"language":"pl","value":"Muzykologia Ko\u015bcielna UKSW."},{"language":"pl","value":"Ko\u0142o Naukowe Zielone Wilki UKSW"},{"language":"pl","value":"Zielone Wilki"},{"language":"pl","value":"Katedra Teologii Systematycznej Ma\u0142\u017ce\u0144stwa i Rodziny Uniwersytetu Kardyna\u0142a Stefana Wyszy\u0144skiego w Warszawie."},{"language":"pl","value":"Katedra Teologii Systematycznej Ma\u0142\u017ce\u0144stwa i Rodziny na Wydziale Studi\u00f3w nad Rodzin\u0105 UKSW."},{"language":"pl","value":"Katedra Teorii Poznania i Filozofii J\u0119zyka na Wydziale Filozofii Chrze\u015bcija\u0144skiej UKSW."},{"language":"pl","value":"Katedra Historii Biblijnej UKSW."},{"language":"pl","value":"Zak\u0142ad Literatury Biblijnej w Katedrze Retoryki Literatury Staropolskiej i bada\u0144 nad Bibli\u0105."},{"language":"pl","value":"Zak\u0142ad Literatury Biblijnej UKSW."},{"language":"pl","value":"Katedra Teologii Wsp\u00f3\u0142czesnej Uniwersytetu Kardyna\u0142a Stefana Wyszy\u0144skiego w Warszawie."},{"language":"pl","value":"Katedra Pedagogiki Specjalneji i Integracyjnej Wydzia\u0142u Nauk Pedagogicznych UKSW."},{"language":"pl","value":"Katedra Psychologii Rehabilitacji i Rewitalizacji Wydzia\u0142u Filozofii Chrze\u015bcija\u0144skiej Uniwersytetu Kardyna\u0142a Stefana Wyszy\u0144skiego."},{"language":"pl","value":"Katedra Historii Misji Wydzia\u0142u Teologicznego UKSW w Warszawie."},{"language":"pl","value":"Katedra Historii Misji Uniwersytetu Kardyna\u0142a Stefana Wyszy\u0144skiego w Warszawie."},{"language":"pl","value":"Katedra Psychologii Osobowo\u015bci Uniwersytet Kardyna\u0142a Stefana Wyszy\u0144skiego."},{"language":"pl","value":"Katedra \u0179r\u00f3de\u0142 i Analiz Muzyki Dawnej UKSW."},{"language":"pl","value":"Katedra Fenomenologii Religii UKSW w Warszawie."},{"language":"pl","value":"Instytut Wiedzy o Kulturze Uniwersytetu Kardyna\u0142a Stefana Wyszy\u0144skiego w Warszawie."},{"language":"pl","value":"Instytut Wiedzy o Kulturze UKSW."},{"language":"pl","value":"Sekcja Misjologii Wydzia\u0142u Teologii UKSW"},{"language":"pl","value":"Mi\u0119dzyinstytutowy Zak\u0142ad Bada\u0144 nad Migracj\u0105 UKSW."},{"language":"pl","value":"MZBM."},{"language":"pl","value":"Katedra Filozofii Religii Uniwersytetu Kardyna\u0142a Stefana Wyszy\u0144skiego w Warszawie."},{"language":"pl","value":"Katedra Filozofii Religii w Instytucie Dialogu Kultury i Religii na Wydziale Teologicznym Uniwersytetu Kard. Stefana Wyszy\u0144skiego w Warszawie."},{"language":"pl","value":"Katedra Przyrodoznawstwa Wydzia\u0142u Filozofii Chrze\u015bcija\u0144skiej UKSW."},{"language":"pl","value":"Katedra Filozofii Przyrodoznawstwa Wydzia\u0142u Filozofii Chrze\u015bcija\u0144skiej UKSW."},{"language":"pl","value":"Katedra Hagiografii Uniwersytetu Kardyna\u0142a Stefana Wyszy\u0144skiego w Warszawie."},{"language":"pl","value":"Katedra Hagiografii UKSW."},{"language":"pl","value":"Katedra Literatury Mi\u0119dzytestamentalnej Uniwersytetu Kardyna\u0142a Stefana Wyszy\u0144skiego w Warszawie."},{"language":"pl","value":"Katedra Literatury Mi\u0119dzytestamentalnej UKSW."},{"language":"pl","value":"Sekcja Teorii Poznania na Wydziale Filozofii Chrze\u015bcija\u0144skiej UKSW."},{"language":"pl","value":"Sekcja Teorii Poznania i Filozofii J\u0119zyka."}]},"claims":{"P21":[{"mainsnak":{"snaktype":"value","property":"P21","hash":"0169fc60bfc314f82b5c0d03f116f043615d52c0","datavalue":{"value":"a0000002964061","type":"string"},"datatype":"string"},"type":"statement","id":"Q7933$5B71B097-D54F-410B-8C37-4E423B374A0C","rank":"normal"}],"P20":[{"mainsnak":{"snaktype":"value","property":"P20","hash":"681f201f338f2902aacbbd554d9137bdc2d2b277","datavalue":{"value":"https://viaf.org/viaf/311809008","type":"string"},"datatype":"string"},"type":"statement","id":"Q7933$F4110AFF-0145-4A6A-A755-DD3BCED53BA0","rank":"normal"}],"P9":[{"mainsnak":{"snaktype":"value","property":"P9","hash":"f92278a4f6272b2bffde8cd03b35a04ffc458b7c","datavalue":{"value":{"entity-type":"item","numeric-id":2010009,"id":"Q2010009"},"type":"wikibase-entityid"},"datatype":"wikibase-item"},"type":"statement","id":"Q7933$08A98AC4-8CE8-4D94-B0A0-78B5C1D040FC","rank":"normal"}],"P6":[{"mainsnak":{"snaktype":"value","property":"P6","hash":"6240338071be4991648a6d68c4257a0bc59601dc","datavalue":{"value":"P52545T48452","type":"string"},"datatype":"string"},"type":"statement","id":"Q7933$A35EC304-7D1F-45C8-AC31-C65BB55C0B4B","rank":"normal"}]},"sitelinks":{}}}}

Uniwersytet Kardynała Stefana Wyszyńskiego w Warszawie.

Katedra Historii Teologii Moralnej Wydziału Teologicznego Uniwersytetu Kardynała Stefana Wyszyńskiego w Warszawie.

Katedra Historii Teologii Moralnej Uniwersytetu Kardynała Stefana Wyszyńskiego w Warszawie.

II Katedra Kościelnego Prawa Małżeńskiego i Rodzinnego UKSW.

II Katedra Kościelnego Prawa Małżeńskiego i Rodzinnego Uniwersytetu Kardynała Stefana Wyszyńskiego w Warszawie.

Ośrodek Studiów i Dokumentacji nad Osobą i Nauczaniem Kardynała Stefana Wyszyńskiego Uniwersytetu Kardynała Stefana Wyszyńskiego w Warszawie.

Ośrodek Studiów i Dokumentacji nad Osobą i Nauczaniem Kardynała Stefana Wyszyńskiego Uniwersytetu Kardynała Stefana Wyszyńskiego (Warszawa).

Uniwersytet Kardynała Stefana Wyszyńskiego (Warszawa).

Ośrodek Dokumentacji i Studiów nad Osobą i Nauczaniem Kardynała Stefana Wyszyńskiego Uniwersytetu Kardynała Stefana Wyszyńskiego w Warszawie.

Muzykologia Kościelna UKSW.

Koło Naukowe Zielone Wilki UKSW

Katedra Teologii Systematycznej Małżeństwa i Rodziny Uniwersytetu Kardynała Stefana Wyszyńskiego w Warszawie.

Katedra Teologii Systematycznej Małżeństwa i Rodziny na Wydziale Studiów nad Rodziną UKSW.

Katedra Teorii Poznania i Filozofii Języka na Wydziale Filozofii Chrześcijańskiej UKSW.

Zakład Literatury Biblijnej w Katedrze Retoryki Literatury Staropolskiej i badań nad Biblią.

Zakład Literatury Biblijnej UKSW.

Katedra Teologii Współczesnej Uniwersytetu Kardynała Stefana Wyszyńskiego w Warszawie.

Katedra Pedagogiki Specjalneji i Integracyjnej Wydziału Nauk Pedagogicznych UKSW.

Katedra Psychologii Rehabilitacji i Rewitalizacji Wydziału Filozofii Chrześcijańskiej Uniwersytetu Kardynała Stefana Wyszyńskiego.

Katedra Historii Misji Wydziału Teologicznego UKSW w Warszawie.

Katedra Historii Misji Uniwersytetu Kardynała Stefana Wyszyńskiego w Warszawie.

Katedra Psychologii Osobowości Uniwersytet Kardynała Stefana Wyszyńskiego.

Katedra Źródeł i Analiz Muzyki Dawnej UKSW.

Instytut Wiedzy o Kulturze Uniwersytetu Kardynała Stefana Wyszyńskiego w Warszawie.

Sekcja Misjologii Wydziału Teologii UKSW

Międzyinstytutowy Zakład Badań nad Migracją UKSW.

Katedra Filozofii Religii Uniwersytetu Kardynała Stefana Wyszyńskiego w Warszawie.

Katedra Filozofii Religii w Instytucie Dialogu Kultury i Religii na Wydziale Teologicznym Uniwersytetu Kard. Stefana Wyszyńskiego w Warszawie.

Katedra Przyrodoznawstwa Wydziału Filozofii Chrześcijańskiej UKSW.

Katedra Filozofii Przyrodoznawstwa Wydziału Filozofii Chrześcijańskiej UKSW.

Katedra Hagiografii Uniwersytetu Kardynała Stefana Wyszyńskiego w Warszawie.

Katedra Literatury Międzytestamentalnej Uniwersytetu Kardynała Stefana Wyszyńskiego w Warszawie.

Katedra Literatury Międzytestamentalnej UKSW.

Sekcja Teorii Poznania na Wydziale Filozofii Chrześcijańskiej UKSW.

Sekcja Teorii Poznania i Filozofii Języka.
