{"entities":{"Q998400":{"pageid":998401,"ns":120,"title":"Item:Q998400","lastrevid":3239554,"modified":"2023-09-21T17:40:15Z","type":"item","id":"Q998400","labels":{"en":{"language":"en","value":"Oddzia\u0142 w Krakowie (Polski Zwi\u0105zek Esperantyst\u00f3w)"},"pl":{"language":"pl","value":"Oddzia\u0142 w Krakowie (Polski Zwi\u0105zek Esperantyst\u00f3w)"}},"descriptions":{},"aliases":{"en":[{"language":"en","value":"Polski Zwi\u0105zek Esperantyst\u00f3w."},{"language":"en","value":"Filio en Krakovo (Pola Esperanto-Asocio)"},{"language":"en","value":"Pola Esperanto-Asocio."}],"pl":[{"language":"pl","value":"Polski Zwi\u0105zek Esperantyst\u00f3w."},{"language":"pl","value":"Filio en Krakovo (Pola Esperanto-Asocio)"},{"language":"pl","value":"Pola Esperanto-Asocio."}]},"claims":{"P6":[{"mainsnak":{"snaktype":"value","property":"P6","hash":"51911b935f8e57f855b8e6c03801f34fe116d095","datavalue":{"value":"Keira Metz","type":"string"},"datatype":"string"},"type":"statement","id":"Q998400$4D019565-A9D1-4EDA-B677-DCC8429D8D90","rank":"normal"}]},"sitelinks":{}}}}

Oddział w Krakowie (Polski Związek Esperantystów)

Polski Związek Esperantystów.
